--
--


--
-- Name: plpgsql; Type: EXTENSION; Schema: -; Owner: 
--

CREATE EXTENSION IF NOT EXISTS plpgsql WITH SCHEMA pg_catalog;


--
-- Name: EXTENSION plpgsql; Type: COMMENT; Schema: -; Owner: 
--

COMMENT ON EXTENSION plpgsql IS 'PL/pgSQL procedural language';



--
-- Name: chessresult; Type: TYPE; Schema: public; Owner: postgres
--

CREATE TYPE chessresult AS ENUM (
    '1-0',
    '0-1',
    '1/2'
);


ALTER TYPE public.chessresult OWNER TO postgres;

--
-- Name: fillids(); Type: FUNCTION; Schema: public; Owner: postgres
--

CREATE FUNCTION fillids() RETURNS trigger
    LANGUAGE plpgsql
    AS $$
declare 
	idjoueur INTEGER := 32;
begin
	select id into idjoueur from joueurs where nom = NEW.blancs_nom ;
	NEW.blancs = idjoueur;
	select id into idjoueur from joueurs where nom = NEW.noirs_nom ;
	NEW.noirs = idjoueur;
	return NEW;
end;
$$;


ALTER FUNCTION public.fillids() OWNER TO postgres;



--
-- Name: joueurs; Type: TABLE; Schema: public; Owner: postgres; Tablespace: 
--

CREATE TABLE joueurs (
    id integer NOT NULL,
    nom character varying(32) NOT NULL,
    "prénom" character varying(32) NOT NULL,
    "année" integer
);


ALTER TABLE public.joueurs OWNER TO postgres;

--
-- Name: joueurs_id_seq; Type: SEQUENCE; Schema: public; Owner: postgres
--

CREATE SEQUENCE joueurs_id_seq
    START WITH 1
    INCREMENT BY 1
    NO MINVALUE
    NO MAXVALUE
    CACHE 1;


ALTER TABLE public.joueurs_id_seq OWNER TO postgres;

--
-- Name: joueurs_id_seq; Type: SEQUENCE OWNED BY; Schema: public; Owner: postgres
--

ALTER SEQUENCE joueurs_id_seq OWNED BY joueurs.id;


--
-- Name: parties; Type: TABLE; Schema: public; Owner: postgres; Tablespace: 
--

CREATE TABLE parties (
    id_tournoi integer NOT NULL,
    ronde integer NOT NULL,
    blancs integer NOT NULL,
    noirs integer NOT NULL,
    "résultat" chessresult NOT NULL,
    elo_b integer NOT NULL,
    elo_n integer NOT NULL
);


ALTER TABLE public.parties OWNER TO postgres;

--
-- Name: tournois; Type: TABLE; Schema: public; Owner: postgres; Tablespace: 
--

CREATE TABLE tournois (
    id integer NOT NULL,
    nom character varying(32) NOT NULL,
    "année" integer NOT NULL
);


ALTER TABLE public.tournois OWNER TO postgres;

--
-- Name: tournois_id_seq; Type: SEQUENCE; Schema: public; Owner: postgres
--

CREATE SEQUENCE tournois_id_seq
    START WITH 1
    INCREMENT BY 1
    NO MINVALUE
    NO MAXVALUE
    CACHE 1;


ALTER TABLE public.tournois_id_seq OWNER TO postgres;

--
-- Name: tournois_id_seq; Type: SEQUENCE OWNED BY; Schema: public; Owner: postgres
--

ALTER SEQUENCE tournois_id_seq OWNED BY tournois.id;


--
-- Name: id; Type: DEFAULT; Schema: public; Owner: postgres
--

ALTER TABLE ONLY joueurs ALTER COLUMN id SET DEFAULT nextval('joueurs_id_seq'::regclass);


--
-- Name: id; Type: DEFAULT; Schema: public; Owner: postgres
--

ALTER TABLE ONLY tournois ALTER COLUMN id SET DEFAULT nextval('tournois_id_seq'::regclass);


--
-- Data for Name: joueurs; Type: TABLE DATA; Schema: public; Owner: postgres
--

COPY joueurs (id, nom, "prénom", "année") FROM stdin;
79	Salov	Valery	1964
80	Granda Zuniga	Julio	1967
81	Yermolinsky	Alex	1958
82	Nikolic	Predrag	1960
85	Shaked	Tal	1978
88	Lutz	Christopher	1971
89	Movsesian	Sergei	1978
93	Nakamura	Hikaru	1987
96	Belikov	Vladimir	1971
97	San Segundo	Pablo	1970
98	Turner	Matthew	1975
99	Bischoff	Klaus	1961
101	Speelman	Jon	1956
102	Plaskett	James	1960
103	Gormally	Daniel	1976
104	Beshukov	Sergei	1971
105	Conquest	Stuart	1967
107	Fedorov	Alexei	1972
108	Felgaer	Ruben	1981
110	Harikrishna	Pendyala	1986
111	Korneev	Oleg	1969
113	Nataf	Igor-Alexandre	1978
114	Lputian	Smbat	1958
115	Minasian	Artashes	1967
116	Hernandez	Gilberto	1970
117	Kasimdzhanov	Rustam	1979
118	Reinderman	Dimitri	1972
119	Nijboer	Friso	1965
121	Vaganian	Rafael	1951
122	Sadvakasov	Darmen	1979
123	Volokitin	Andrei	1986
124	Bruzon	Lazaro	1982
125	Wojtaszek	Radoslaw	1987
126	Laznicka	Viktor	1988
128	Oll	Lembit	1966
129	Belov	Vladimir	1984
130	Cafferty	Bernard	1934
131	Rayner	Francis	1960
132	Hebden	Mark	1958
135	Kotronias	Vasilios	1964
136	Harper	Ryan	1977
137	Wu	Li	1989
138	Efimenko	Zahar	1985
139	Pavlovic	Milos	1964
141	Howell	David	1990
142	Bluvshtein	Mark	1988
143	Barsov	Alexei	1966
144	Ziatdinov	Raset	1958
145	Gwaze	Robert	1982
146	Hendriks	Willy	1966
148	Pert	Nicholas	1981
149	Radovanovic	Jovica	1969
150	Britton	Richard	1957
151	Houska	Jovanka	1980
152	Smith	Alan	1954
154	Knott	Simon	1958
155	McNab	Colin	1961
156	Cherniaev	Alexander	1969
157	Lalic	Bogdan	1964
158	Gonzales	Jayson	1969
159	Neverov	Valeriy	1964
161	McShane	Luke	1984
162	Gallagher	Joseph	1964
163	Wells	Peter	1965
164	Kiriakov	Petr	1975
165	Milov	Vadim	1972
166	Kunte	Abhijit	1977
168	Rowson	Jonathan	1977
169	Kosteniuk	Alexandra	1984
170	Tseshkovsky	Vitaly	1944
171	Flear	Glenn	1959
173	Emms	John	1967
90	Acs	Peter	1981
14	Adams	Michael	1971
69	Alekseev	Evgeny	1985
87	Almasi	Zoltan	1976
2	Anand	Viswanathan	1969
91	Anastasian	Ashot	1964
134	Anderton	Matthew	1972
172	Arkell	Keith	1961
58	Aronian	Levon	1982
94	Asrian	Karen	1980
112	Azmaiparashvili	Zurab	1960
25	Bacrot	Etienne	1983
95	Baramidze	David	1988
3	Sokolov	Ivan	1968
4	Timman	Jan	1951
5	Svidler	Peter	1976
7	Bologan	Viktor	1971
8	Zhang	Zhong	1978
10	Kramnik	Vladimir	1975
12	Bareev	Evgeny	1966
13	Topalov	Veselin	1975
15	Kovacevic	Aleksandar	1974
16	Lautier	Joel	1973
17	Gelfand	Boris	1968
19	Georgiev	Kiril	1965
20	Ljubojevic	Ljubomir	1950
21	Beliavsky	Alexander	1953
22	Naiditsch	Arkadij	1985
23	Sutovsky	Emil	1977
26	Dreev	Aleksey	1969
27	Vallejo Pons	Francisco	1982
28	Epishin	Vladimir	1965
30	Illescas Cordoba	Miguel	1965
31	Khalifman	Alexander	1966
32	Tiviakov	Sergei	1973
34	Campora	Daniel	1957
35	Volkov	Sergey	1974
36	Tomashevsky	Evgeny	1987
38	Rublevsky	Sergei	1974
39	Motylev	Alexander	1979
40	Jakovenko	Dmitry	1983
42	Sasikiran	Krishnan	1981
43	Onischuk	Alexander	1975
44	Eljanov	Pavel	1983
46	Nisipeanu	Liviu-Dieter	1976
47	Pelletier	Yannick	1976
49	Carlsen	Magnus	1990
51	Radjabov	Teimour	1987
52	Polgar	Judit	1976
55	Piket	Jeroen	1969
56	Sadler	Matthew	1974
57	Ponomariov	Ruslan	1983
59	Fressinet	Laurent	1981
61	Korchnoi	Viktor	1931
62	Jobava	Baadur	1983
63	Paehtz	Elisabeth	1985
64	Krush	Irina	1983
65	Krasenkow	Michal	1963
66	Karpov	Anatoly	1951
68	Tkachiev	Vladislav	1973
70	Mamedyarov	Shakhriyar	1985
71	Kasparov	Garry	1963
72	Huebner	Robert	1948
74	Jussupow	Artur	1960
75	Najer	Evgeniy	1977
76	Kamsky	Gata	1974
77	Romanishin	Oleg	1952
78	Glek	Igor	1961
176	Nunn	John	1955
86	Berkes	Ferenc	1985
92	Macieja	Bartlomiej	1977
9	Akopian	Vladimir	1971
185	Aleksandrov	Aleksej	1973
84	Andersson	Ulf	1951
186	Areshchenko	Alexander	1986
48	Avrukh	Boris	1978
1	Leko	Peter	1979
6	Shirov	Alexei	1972
11	Van Wely	Loek	1972
18	Ivanchuk	Vassily	1969
24	Nielsen	Peter Heine	1973
29	Rustemov	Alexander	1973
33	Karjakin	Sergey	1990
37	Morozevich	Alexander	1977
41	Zvjaginsev	Vadim	1976
45	Dominguez Perez	Leinier	1983
50	Bu	Xiangzhi	1985
53	Grischuk	Alexander	1983
60	Bauer	Christian	1977
67	Istratescu	Andrei	1975
73	Short	Nigel	1965
100	Ftacnik	Lubomir	1957
106	Markowski	Tomasz	1975
120	Van der Sterren	Paul	1956
127	Gurevich	Mikhail	1959
133	Socko	Bartosz	1978
140	Rendle	Thomas	1986
147	Zude	Erik	1965
153	Bondar	Tana	1976
160	Greet	Andrew	1979
167	Lahno	Kateri	1989
174	Chandler	Murray	1960
175	Rozentalis	Eduardas	1963
177	Rausis	Igors	1961
178	Ward	Chris	1968
179	Relange	Eloi	1976
180	Vescovi	Giovanni	1978
181	Shipov	Sergei	1966
182	Saltaev	Mihail	1962
183	Miles	Tony	1955
184	Malakhov	Vladimir	1980
187	Smirin	Ilia	1968
188	Navara	David	1985
83	JUNIOR 6	DEEP	2000
\.


--
-- Name: joueurs_id_seq; Type: SEQUENCE SET; Schema: public; Owner: postgres
--

SELECT pg_catalog.setval('joueurs_id_seq', 1, false);


--
-- Data for Name: parties; Type: TABLE DATA; Schema: public; Owner: postgres
--

COPY parties (id_tournoi, ronde, blancs, noirs, "résultat", elo_b, elo_n) FROM stdin;
1	1	1	2	1/2	2722	2766
1	1	3	4	1/2	2706	2578
1	1	5	6	1/2	2747	2736
1	1	7	8	1/2	2679	2639
1	1	9	10	1-0	2693	2777
1	1	11	12	1/2	2617	2714
1	1	13	14	1/2	2735	2720
1	2	4	1	0-1	2578	2722
1	2	14	6	1/2	2720	2736
1	2	8	5	1/2	2639	2747
1	2	13	3	1/2	2735	2706
1	2	2	9	1-0	2766	2693
1	2	10	11	1-0	2777	2617
1	2	12	7	1/2	2714	2679
1	3	1	13	1/2	2722	2735
1	3	5	12	1-0	2747	2714
1	3	11	2	1/2	2617	2766
1	3	3	14	1/2	2706	2720
1	3	6	8	1/2	2736	2639
1	3	7	10	1/2	2679	2777
1	3	9	4	1/2	2693	2578
1	4	3	1	1/2	2706	2722
1	4	13	9	1-0	2735	2693
1	4	10	5	1-0	2777	2747
1	4	12	6	1-0	2714	2736
1	4	4	11	0-1	2578	2617
1	4	14	8	1-0	2720	2639
1	4	2	7	1/2	2766	2679
1	5	11	13	1/2	2617	2735
1	5	1	14	1/2	2722	2720
1	5	7	4	0-1	2679	2578
1	5	9	3	1-0	2693	2706
1	5	6	10	1/2	2736	2777
1	5	5	2	1/2	2747	2766
1	5	8	12	1/2	2639	2714
1	6	13	7	1-0	2735	2679
1	6	14	12	1-0	2720	2714
1	6	1	9	1/2	2722	2693
1	6	10	8	1-0	2777	2639
1	6	4	5	1/2	2578	2747
1	6	2	6	1-0	2766	2736
1	6	3	11	1/2	2706	2617
1	7	7	3	1-0	2679	2706
1	7	11	1	1/2	2617	2722
1	7	8	2	0-1	2639	2766
1	7	9	14	1/2	2693	2720
1	7	12	10	1/2	2714	2777
1	7	5	13	1-0	2747	2735
1	7	6	4	1-0	2736	2578
1	8	2	12	1-0	2766	2714
1	8	13	6	1/2	2735	2736
1	8	1	7	1-0	2722	2679
1	8	14	10	1-0	2720	2777
1	8	9	11	1/2	2693	2617
1	8	3	5	1/2	2706	2747
1	8	4	8	0-1	2578	2639
1	9	11	14	1-0	2617	2720
1	9	10	2	1/2	2777	2766
1	9	7	9	1-0	2679	2693
1	9	5	1	1/2	2747	2722
1	9	12	4	0-1	2714	2578
1	9	6	3	1-0	2736	2706
1	9	8	13	1/2	2639	2735
1	10	11	7	0-1	2617	2679
1	10	9	5	1-0	2693	2747
1	10	1	6	1/2	2722	2736
1	10	4	10	1/2	2578	2777
1	10	14	2	1/2	2720	2766
1	10	3	8	1/2	2706	2639
1	10	13	12	0-1	2735	2714
1	11	8	1	0-1	2639	2722
1	11	12	3	1-0	2714	2706
1	11	10	13	1/2	2777	2735
1	11	2	4	1-0	2766	2578
1	11	7	14	1/2	2679	2720
1	11	6	9	1/2	2736	2693
1	11	5	11	1/2	2747	2617
1	12	13	2	1-0	2735	2766
1	12	14	4	1-0	2720	2578
1	12	9	8	1/2	2693	2639
1	12	3	10	1-0	2706	2777
1	12	7	5	1-0	2679	2747
1	12	11	6	1/2	2617	2736
1	12	1	12	1/2	2722	2714
1	13	4	13	0-1	2578	2735
1	13	10	1	1/2	2777	2722
1	13	12	9	1-0	2714	2693
1	13	5	14	1/2	2747	2720
1	13	2	3	1/2	2766	2706
1	13	8	11	1/2	2639	2617
1	13	6	7	0-1	2736	2679
2	1	15	10	0-1	2525	2770
2	1	2	16	0-1	2765	2660
2	1	6	17	1-0	2700	2695
2	1	18	19	1-0	2725	2670
2	2	17	20	1/2	2695	2565
2	2	19	21	1/2	2670	2710
2	2	18	15	1-0	2725	2525
2	2	10	2	0-1	2770	2765
2	2	16	6	1/2	2660	2700
2	3	6	10	1/2	2700	2770
2	3	20	16	1/2	2565	2660
2	3	15	19	0-1	2525	2670
2	3	21	17	1/2	2710	2695
2	3	2	18	1/2	2765	2725
2	4	10	20	1/2	2770	2565
2	4	18	6	1/2	2725	2700
2	4	19	17	1/2	2670	2695
2	4	15	2	0-1	2525	2765
2	4	16	21	1-0	2660	2710
2	5	2	19	1-0	2765	2670
2	5	6	15	1-0	2700	2525
2	5	21	10	0-1	2710	2770
2	5	20	18	1/2	2565	2725
2	6	15	20	1-0	2525	2565
2	6	2	6	1/2	2765	2700
2	6	10	17	1/2	2770	2695
2	6	19	16	1/2	2670	2660
2	7	6	19	1-0	2700	2670
2	7	21	15	1-0	2710	2525
2	7	20	2	0-1	2565	2765
2	7	16	10	1/2	2660	2770
2	8	18	16	1/2	2725	2660
2	8	19	10	1/2	2670	2770
2	8	6	20	1/2	2700	2565
2	9	20	19	1/2	2565	2670
2	9	17	2	1/2	2695	2765
2	9	16	15	1/2	2660	2525
2	9	21	6	1-0	2710	2700
2	9	10	18	1/2	2770	2725
2	1	20	21	0-1	2565	2710
2	5	17	16	1-0	2695	2660
2	6	18	21	1-0	2725	2710
2	7	17	18	1/2	2695	2725
2	8	15	17	0-1	2525	2695
2	8	2	21	1/2	2765	2710
3	1	1	11	1-0	2763	2655
3	1	14	13	1-0	2719	2788
3	1	10	5	1/2	2744	2738
3	1	22	23	1-0	2612	2674
3	1	24	25	1-0	2668	2729
3	2	13	22	1-0	2788	2612
3	2	5	24	1/2	2738	2668
3	2	1	14	1/2	2763	2719
3	2	11	25	1-0	2655	2729
3	2	23	10	1-0	2674	2744
3	3	25	5	1/2	2729	2738
3	3	22	1	1-0	2612	2763
3	3	14	11	0-1	2719	2655
3	3	24	23	1/2	2668	2674
3	3	10	13	1-0	2744	2788
3	4	11	5	1/2	2655	2738
3	4	1	10	1/2	2763	2744
3	4	23	25	0-1	2674	2729
3	4	13	24	1/2	2788	2668
3	4	14	22	1/2	2719	2612
3	5	25	13	1/2	2729	2788
3	5	5	23	1/2	2738	2674
3	5	10	14	1/2	2744	2719
3	5	24	1	0-1	2668	2763
3	5	22	11	1/2	2612	2655
3	6	11	23	1-0	2655	2674
3	6	14	24	1-0	2719	2668
3	6	13	5	1/2	2788	2738
3	6	1	25	1/2	2763	2729
3	6	22	10	1/2	2612	2744
3	7	25	14	1-0	2729	2719
3	7	24	22	0-1	2668	2612
3	7	10	11	1/2	2744	2655
3	7	23	13	1/2	2674	2788
3	7	5	1	1-0	2738	2763
3	8	10	24	1-0	2744	2668
3	8	1	23	1/2	2763	2674
3	8	14	5	1/2	2719	2738
3	8	22	25	1/2	2612	2729
3	8	11	13	0-1	2655	2788
3	9	5	22	1/2	2738	2612
3	9	25	10	1-0	2729	2744
3	9	24	11	1/2	2668	2655
3	9	13	1	1-0	2788	2763
3	9	23	14	1/2	2674	2719
4	1	26	27	1/2	2690	2629
4	1	6	28	1/2	2723	2626
4	1	29	30	1/2	2604	2595
4	1	31	32	1-0	2702	2635
4	1	33	34	0-1	2547	2505
4	2	32	34	1/2	2635	2505
4	2	30	6	0-1	2595	2723
4	2	31	29	1/2	2702	2604
4	2	27	33	1-0	2629	2547
4	2	28	26	1/2	2626	2690
4	3	29	32	1/2	2604	2635
4	3	26	30	1-0	2690	2595
4	3	6	31	1/2	2723	2702
4	3	33	28	1/2	2547	2626
4	3	34	27	0-1	2505	2629
4	4	30	33	1/2	2595	2547
4	4	29	6	1/2	2604	2723
4	4	31	26	1/2	2702	2690
4	4	32	27	0-1	2635	2629
4	4	28	34	1-0	2626	2505
4	5	26	29	1/2	2690	2604
4	5	34	30	1/2	2505	2595
4	5	33	31	1/2	2547	2702
4	5	6	32	1-0	2723	2635
4	5	27	28	1/2	2629	2626
4	6	29	33	1-0	2604	2547
4	6	31	34	1-0	2702	2505
4	6	32	28	1/2	2635	2626
4	6	6	26	1/2	2723	2690
4	6	30	27	1/2	2595	2629
4	7	27	31	1/2	2629	2702
4	7	26	32	1-0	2690	2635
4	7	34	29	0-1	2505	2604
4	7	28	30	1/2	2626	2595
4	8	6	34	0-1	2723	2505
4	8	32	30	1-0	2635	2595
4	8	31	28	1/2	2702	2626
4	8	26	33	1/2	2690	2547
4	8	29	27	1-0	2604	2629
4	9	27	6	1/2	2629	2723
4	9	30	31	1/2	2595	2702
4	9	33	32	1-0	2547	2635
4	9	34	26	0-1	2505	2690
4	9	28	29	1/2	2626	2604
5	1	31	35	1/2	2653	2614
5	1	5	10	1-0	2740	2739
5	1	36	37	1/2	2564	2707
5	1	38	12	1-0	2652	2675
5	1	39	26	1/2	2632	2694
5	1	40	41	1/2	2644	2659
5	2	5	39	1/2	2740	2632
5	2	10	35	1-0	2739	2614
5	2	26	36	1/2	2694	2564
5	2	41	31	1-0	2659	2653
5	2	37	38	1/2	2707	2652
5	2	12	40	1/2	2675	2644
5	3	35	41	0-1	2614	2659
5	3	39	10	1/2	2632	2739
5	3	36	5	0-1	2564	2740
5	3	31	12	1/2	2653	2675
5	3	38	26	1-0	2652	2694
5	4	12	35	1-0	2675	2614
5	4	26	40	1/2	2694	2644
5	4	10	41	1/2	2739	2659
5	4	5	38	1/2	2740	2652
5	4	37	31	1-0	2707	2653
5	4	39	36	1/2	2632	2564
5	5	38	39	1-0	2652	2632
5	5	31	26	1/2	2653	2694
5	5	35	37	0-1	2614	2707
5	5	36	10	0-1	2564	2739
5	5	40	5	1/2	2644	2740
5	5	41	12	1/2	2659	2675
5	6	26	35	0-1	2694	2614
5	6	10	12	0-1	2739	2675
5	6	39	40	0-1	2632	2644
5	6	37	41	1/2	2707	2659
5	6	36	38	1/2	2564	2652
5	6	5	31	1/2	2740	2653
5	7	40	36	1-0	2644	2564
5	7	12	37	1-0	2675	2707
5	7	41	26	1/2	2659	2694
5	7	38	10	1/2	2652	2739
5	7	35	5	1/2	2614	2740
5	7	31	39	1/2	2653	2632
5	8	5	41	1/2	2740	2659
5	8	36	31	1/2	2564	2653
5	8	10	37	1/2	2739	2707
5	8	26	12	1-0	2694	2675
5	8	39	35	1-0	2632	2614
5	8	38	40	1-0	2652	2644
5	9	37	26	1-0	2707	2694
5	9	41	39	1/2	2659	2632
5	9	35	36	1-0	2614	2564
5	9	31	38	1/2	2653	2652
5	9	40	10	1/2	2644	2739
5	9	12	5	1-0	2675	2740
5	10	39	12	1-0	2632	2675
5	10	40	31	1/2	2644	2653
5	10	36	41	1-0	2564	2659
5	10	5	37	1/2	2740	2707
5	10	10	26	1/2	2739	2694
5	10	38	35	1/2	2652	2614
5	11	41	38	1/2	2659	2652
5	11	37	39	1-0	2707	2632
5	11	26	5	1/2	2694	2740
5	11	31	10	1/2	2653	2739
5	11	12	36	1/2	2675	2564
5	11	35	40	1/2	2614	2644
6	1	6	38	1-0	2699	2680
6	1	42	43	1-0	2690	2663
6	1	5	44	1/2	2736	2686
6	1	45	11	1-0	2678	2674
6	1	46	40	1/2	2693	2708
6	1	33	18	1/2	2686	2729
6	2	40	42	1-0	2708	2690
6	2	45	6	0-1	2678	2699
6	2	11	43	0-1	2674	2663
6	2	38	5	1/2	2680	2736
6	2	18	46	1-0	2729	2693
6	2	44	33	0-1	2686	2686
6	3	33	38	1/2	2686	2680
6	3	42	18	1/2	2690	2729
6	3	43	40	1/2	2663	2708
6	3	6	11	0-1	2699	2674
6	3	46	44	0-1	2693	2686
6	3	5	45	1/2	2736	2678
6	4	11	40	1-0	2674	2708
6	4	6	5	1/2	2699	2736
6	4	45	33	1/2	2678	2686
6	4	18	43	1/2	2729	2663
6	4	44	42	1/2	2686	2690
6	4	38	46	1/2	2680	2693
6	5	40	18	1/2	2708	2729
6	5	42	38	0-1	2690	2680
6	5	43	44	1/2	2663	2686
6	5	46	45	1/2	2693	2678
6	5	33	6	1-0	2686	2699
6	5	5	11	1/2	2736	2674
6	6	6	46	1/2	2699	2693
6	6	11	18	1/2	2674	2729
6	6	5	33	1/2	2736	2686
6	6	38	43	1/2	2680	2663
6	6	44	40	1/2	2686	2708
6	6	45	42	1/2	2678	2690
6	7	46	5	1/2	2693	2736
6	7	40	38	1/2	2708	2680
6	7	42	6	0-1	2690	2699
6	7	33	11	1-0	2686	2674
6	7	43	45	1/2	2663	2678
6	7	18	44	1-0	2729	2686
6	8	38	18	0-1	2680	2729
6	8	6	43	1/2	2699	2663
6	8	5	42	1/2	2736	2690
6	8	33	46	1/2	2686	2693
6	8	45	40	1/2	2678	2708
6	8	11	44	1-0	2674	2686
6	9	46	11	1/2	2693	2674
6	9	18	45	1/2	2729	2678
6	9	44	38	1/2	2686	2680
6	9	43	5	1/2	2663	2736
6	9	42	33	1/2	2690	2686
6	9	40	6	0-1	2708	2699
6	10	45	44	1/2	2678	2686
6	10	6	18	0-1	2699	2729
6	10	5	40	1-0	2736	2708
6	10	33	43	1/2	2686	2663
6	10	46	42	1/2	2693	2690
6	10	11	38	1/2	2674	2680
6	11	42	11	0-1	2690	2674
6	11	40	33	1/2	2708	2686
6	11	43	46	1-0	2663	2693
6	11	38	45	1/2	2680	2678
6	11	44	6	1/2	2686	2699
6	11	18	5	1/2	2729	2736
7	1	47	48	1/2	2591	2645
7	1	49	50	1-0	2710	2685
7	1	43	51	1/2	2650	2746
7	1	11	52	0-1	2680	2707
7	1	53	39	1/2	2726	2648
7	2	43	53	1-0	2650	2726
7	2	39	47	1/2	2648	2591
7	2	48	11	1/2	2645	2680
7	2	52	49	1/2	2707	2710
7	2	51	50	1/2	2746	2685
7	3	53	51	1/2	2726	2746
7	3	50	52	1-0	2685	2707
7	3	49	48	1/2	2710	2645
7	3	11	39	0-1	2680	2648
7	3	47	43	1/2	2591	2650
7	4	48	50	1-0	2645	2685
7	4	53	47	1-0	2726	2591
7	4	43	11	1-0	2650	2680
7	4	39	49	0-1	2648	2710
7	4	51	52	1/2	2746	2707
7	5	47	51	1/2	2591	2746
7	5	11	53	1/2	2680	2726
7	5	49	43	1-0	2710	2650
7	5	52	48	1/2	2707	2645
7	5	50	39	1-0	2685	2648
7	6	47	11	1/2	2591	2680
7	6	51	48	1-0	2746	2645
7	6	53	49	1/2	2726	2710
7	6	39	52	0-1	2648	2707
7	6	43	50	1/2	2650	2685
7	7	52	43	1/2	2707	2650
7	7	11	51	0-1	2680	2746
7	7	50	53	1/2	2685	2726
7	7	49	47	0-1	2710	2591
7	7	48	39	1/2	2645	2648
7	8	53	52	1/2	2726	2707
7	8	43	48	1-0	2650	2645
7	8	47	50	1-0	2591	2685
7	8	11	49	1-0	2680	2710
7	8	51	39	1/2	2746	2648
7	9	50	11	0-1	2685	2680
7	9	39	43	1/2	2648	2650
7	9	52	47	1/2	2707	2591
7	9	49	51	1-0	2710	2746
7	9	48	53	0-1	2645	2726
8	1	14	11	1/2	2715	2635
8	1	10	5	1/2	2780	2710
8	1	13	41	1/2	2700	2650
8	1	2	16	1-0	2795	2625
8	1	55	56	1/2	2605	2660
8	2	2	10	1-0	2795	2780
8	2	16	11	1/2	2625	2635
8	2	56	13	1/2	2660	2700
8	2	41	1	1/2	2650	2665
8	2	5	55	1-0	2710	2605
8	3	10	16	1-0	2780	2625
8	3	1	56	1/2	2665	2660
8	3	55	2	1/2	2605	2795
8	3	14	41	1/2	2715	2650
8	3	13	5	1-0	2700	2710
8	4	2	13	1/2	2795	2700
8	4	41	11	1/2	2650	2635
8	4	5	1	1/2	2710	2665
8	4	56	14	1-0	2660	2715
8	4	10	55	1/2	2780	2605
8	5	1	2	1/2	2665	2795
8	5	55	16	1-0	2605	2625
8	5	13	10	1/2	2700	2780
8	5	11	56	1/2	2635	2660
8	5	14	5	1-0	2715	2710
8	6	16	41	0-1	2625	2650
8	6	2	14	1-0	2795	2715
8	6	10	1	0-1	2780	2665
8	6	55	13	1/2	2605	2700
8	6	5	11	1-0	2710	2635
8	7	14	10	1/2	2715	2780
8	7	1	55	1/2	2665	2605
8	7	13	16	0-1	2700	2630
8	7	41	56	1/2	2650	2660
8	7	11	2	1/2	2635	2795
8	8	10	11	1/2	2780	2635
8	8	16	56	1/2	2625	2660
8	8	55	14	1/2	2605	2715
8	8	5	41	1/2	2710	2650
8	8	13	1	0-1	2700	2665
8	9	41	2	1/2	2650	2795
8	9	14	13	1-0	2715	2700
8	9	56	5	1/2	2660	2710
8	9	11	55	0-1	2635	2605
8	9	1	16	1/2	2665	2625
8	10	10	41	1-0	2780	2650
8	10	1	14	1-0	2665	2715
8	10	13	11	1/2	2700	2635
8	10	2	56	1/2	2795	2660
8	10	16	5	1-0	2630	2710
8	11	41	55	1-0	2650	2605
8	11	11	1	1/2	2635	2665
8	11	5	2	1/2	2710	2795
8	11	56	10	1/2	2660	2780
8	11	14	16	1/2	2715	2625
9	1	10	57	1-0	2753	2695
9	1	14	52	1/2	2737	2732
9	1	2	13	1/2	2785	2778
9	2	13	14	1/2	2778	2737
9	2	57	52	1/2	2695	2732
9	2	10	2	1/2	2753	2785
9	3	52	13	1/2	2732	2778
9	3	14	10	1-0	2737	2753
9	3	2	57	1/2	2785	2695
9	4	13	10	1/2	2778	2753
9	4	52	2	1/2	2732	2785
9	4	14	57	1/2	2737	2695
9	5	2	14	1/2	2785	2737
8	1	1	61	1/2	2665	2625
8	3	11	61	1-0	2635	2625
8	4	16	61	1/2	2625	2625
8	6	56	61	1/2	2660	2625
9	5	57	13	1-0	2695	2778
9	5	10	52	1-0	2753	2732
9	6	13	2	1-0	2778	2785
9	6	52	14	1-0	2732	2737
9	6	57	10	1-0	2695	2753
9	7	14	13	0-1	2737	2778
9	7	52	57	1/2	2732	2695
9	7	2	10	1-0	2785	2753
9	8	57	2	1/2	2695	2785
9	8	13	52	1/2	2778	2732
9	8	10	14	1/2	2753	2737
9	9	14	2	0-1	2737	2785
9	9	13	57	1-0	2778	2695
9	9	52	10	1/2	2732	2753
9	10	2	52	1/2	2785	2732
9	10	57	14	1/2	2695	2737
9	10	10	13	0-1	2753	2778
10	1	18	1	1/2	2750	2749
10	1	5	58	1/2	2728	2744
10	1	13	2	1/2	2783	2779
10	1	49	37	1-0	2690	2741
10	2	58	49	1/2	2744	2690
10	2	2	5	1/2	2779	2728
10	2	18	13	1-0	2750	2783
10	2	1	37	1/2	2749	2741
10	3	13	1	1/2	2783	2749
10	3	37	58	1/2	2741	2744
10	3	49	2	0-1	2690	2779
10	3	5	18	1/2	2728	2750
10	4	2	37	1-0	2779	2741
10	4	1	58	1/2	2749	2744
10	4	13	5	1/2	2783	2728
10	4	18	49	0-1	2750	2690
10	5	5	1	1/2	2728	2749
10	5	37	18	1/2	2741	2750
10	5	49	13	1-0	2690	2783
10	5	58	2	1-0	2744	2779
10	6	58	13	1/2	2744	2783
10	6	2	18	1/2	2779	2750
10	6	37	5	1/2	2741	2728
10	6	49	1	1/2	2690	2749
10	7	13	37	1-0	2783	2741
10	7	18	58	1-0	2750	2744
10	7	5	49	1/2	2728	2690
10	7	1	2	0-1	2749	2779
10	8	2	13	1/2	2779	2783
10	8	37	49	1/2	2741	2690
10	8	58	5	1/2	2744	2728
10	8	1	18	1/2	2749	2750
10	9	37	1	1-0	2741	2749
10	9	13	18	1/2	2783	2750
10	9	49	58	1/2	2690	2744
10	9	5	2	1/2	2728	2779
10	10	1	13	1/2	2749	2783
10	10	18	5	1/2	2750	2728
10	10	2	49	1-0	2779	2690
10	10	58	37	1/2	2744	2741
10	11	49	18	1-0	2690	2750
10	11	58	1	1/2	2744	2749
10	11	37	2	1/2	2741	2779
10	11	5	13	1/2	2728	2783
10	12	2	58	1/2	2779	2744
10	12	13	49	1/2	2783	2690
10	12	18	37	0-1	2750	2741
10	12	1	5	0-1	2749	2728
10	13	58	18	1/2	2744	2750
10	13	37	13	1-0	2741	2783
10	13	49	5	1/2	2690	2728
10	13	2	1	1/2	2779	2749
10	14	1	49	1-0	2749	2690
10	14	5	37	0-1	2728	2741
10	14	18	2	1/2	2750	2779
10	14	13	58	1/2	2783	2744
11	1	16	59	1/2	2666	2595
11	1	60	51	1/2	2582	2644
11	1	61	17	0-1	2632	2700
11	1	52	14	1/2	2715	2723
11	1	9	12	0-1	2703	2734
11	2	14	16	1-0	2723	2666
11	2	59	60	1-0	2595	2582
11	2	51	61	1/2	2644	2632
11	2	12	17	1/2	2734	2700
11	2	9	52	0-1	2703	2715
11	3	17	51	0-1	2700	2644
11	3	61	59	0-1	2632	2595
11	3	16	9	1-0	2666	2703
11	3	52	12	1/2	2715	2734
11	3	60	14	1/2	2582	2723
11	4	14	61	1-0	2723	2632
11	4	9	60	1/2	2703	2582
11	4	52	16	1-0	2715	2666
11	4	12	51	1-0	2734	2644
11	4	59	17	0-1	2595	2700
11	5	51	59	1/2	2644	2595
11	5	17	14	1/2	2700	2723
11	5	16	12	0-1	2666	2734
11	5	61	9	1-0	2632	2703
11	5	60	52	1/2	2582	2715
11	6	12	59	1-0	2734	2595
11	6	14	51	1-0	2723	2644
11	6	9	17	1-0	2703	2700
11	6	16	60	1/2	2666	2582
11	6	52	61	1/2	2715	2632
11	7	61	16	1/2	2632	2666
11	7	59	14	1/2	2595	2723
11	7	60	12	1/2	2582	2734
11	7	51	9	1/2	2644	2703
11	7	17	52	1-0	2700	2715
11	8	16	17	1/2	2666	2700
11	8	60	61	1-0	2582	2632
11	8	9	59	1/2	2703	2595
11	8	12	14	1/2	2734	2723
11	8	52	51	1-0	2715	2644
11	9	51	16	1/2	2644	2666
11	9	17	60	1-0	2700	2582
11	9	61	12	1/2	2632	2734
11	9	59	52	1/2	2595	2715
11	9	14	9	1/2	2723	2703
12	1	14	58	1/2	2732	2761
12	1	1	22	1-0	2738	2664
12	1	62	5	0-1	2651	2742
12	1	17	10	1/2	2729	2743
12	1	63	64	1/2	2456	2436
12	2	22	17	1/2	2664	2729
12	2	5	1	1/2	2742	2738
12	2	58	10	1/2	2761	2743
12	2	14	62	1/2	2732	2651
12	2	64	63	1/2	2436	2456
12	3	1	14	1/2	2738	2732
12	3	17	5	1/2	2729	2742
12	3	63	64	1/2	2456	2436
12	3	10	22	1/2	2743	2664
12	3	62	58	1/2	2651	2761
12	4	58	22	1/2	2761	2664
12	4	64	63	1/2	2436	2456
12	4	14	17	1-0	2732	2729
12	4	5	10	1/2	2742	2743
12	4	62	1	1/2	2651	2738
12	5	1	58	1-0	2738	2761
12	5	10	14	1/2	2743	2732
12	5	17	62	1-0	2729	2651
12	5	22	5	1/2	2664	2742
12	5	63	64	0-1	2456	2436
12	6	1	17	1/2	2738	2729
12	6	14	22	1/2	2732	2664
12	6	62	10	0-1	2651	2743
12	6	58	5	0-1	2761	2742
12	6	64	63	1/2	2436	2456
12	7	5	14	1/2	2742	2732
12	7	22	62	1-0	2664	2651
12	7	17	58	1-0	2729	2761
12	7	10	1	1-0	2743	2738
13	1	53	11	1/2	2712	2668
13	1	6	4	1/2	2723	2594
13	1	2	51	1/2	2753	2624
13	1	57	12	0-1	2734	2729
13	1	10	18	1/2	2807	2699
13	1	65	66	0-1	2633	2688
13	1	52	13	1/2	2700	2743
13	2	66	6	1/2	2688	2723
13	2	18	65	1/2	2699	2633
13	2	4	53	1/2	2594	2712
13	2	13	2	0-1	2743	2753
13	2	12	51	1-0	2729	2624
13	2	57	10	1-0	2734	2807
13	2	11	52	1/2	2668	2700
13	3	52	4	1-0	2700	2594
13	3	10	12	1-0	2807	2729
13	3	53	66	1/2	2712	2688
13	3	2	11	1/2	2753	2668
13	3	65	57	1/2	2633	2734
13	3	6	18	1/2	2723	2699
13	3	51	13	0-1	2624	2743
13	4	57	6	0-1	2734	2723
13	4	10	65	1-0	2807	2633
13	4	11	51	1/2	2668	2624
13	4	66	52	0-1	2688	2700
13	4	18	53	1/2	2699	2712
13	4	12	13	1/2	2729	2743
13	4	4	2	1/2	2594	2753
13	5	65	12	1/2	2633	2729
13	5	52	18	1/2	2700	2699
13	5	51	4	1-0	2624	2594
13	5	6	10	1-0	2723	2807
13	5	13	11	0-1	2743	2668
13	5	53	57	1/2	2712	2734
13	5	2	66	1-0	2753	2688
13	6	12	11	0-1	2729	2668
13	6	65	6	1-0	2633	2723
13	6	66	51	1/2	2688	2624
13	6	57	52	1/2	2734	2700
13	6	10	53	1/2	2807	2712
13	6	18	2	1/2	2699	2753
13	6	4	13	0-1	2594	2743
13	7	51	18	1/2	2624	2699
13	7	13	66	1/2	2743	2688
13	7	52	10	1/2	2700	2807
13	7	11	4	1-0	2668	2594
13	7	2	57	1-0	2753	2734
13	7	6	12	1-0	2723	2729
13	7	53	65	1-0	2712	2633
13	8	66	11	1-0	2688	2668
13	8	65	52	1/2	2633	2700
13	8	12	4	1-0	2729	2594
13	8	6	53	0-1	2723	2712
13	8	10	2	1/2	2807	2753
13	8	18	13	1/2	2699	2743
13	8	57	51	0-1	2734	2624
13	9	51	10	1/2	2624	2807
13	9	53	12	0-1	2712	2729
13	9	2	65	1/2	2753	2633
13	9	52	6	1/2	2700	2723
13	9	13	57	1/2	2743	2734
13	9	11	18	1/2	2668	2699
13	9	4	66	1/2	2594	2688
13	10	18	4	1-0	2699	2594
13	10	6	2	0-1	2723	2753
13	10	65	51	0-1	2633	2624
13	10	57	11	1-0	2734	2668
13	10	53	52	0-1	2712	2700
13	10	10	13	1-0	2807	2743
13	10	12	66	1/2	2729	2688
13	11	51	6	1/2	2624	2723
13	11	66	18	1/2	2688	2699
13	11	13	65	1-0	2743	2633
13	11	52	12	1/2	2700	2729
13	11	4	57	0-1	2594	2734
13	11	11	10	1-0	2668	2807
13	11	2	53	1/2	2753	2712
13	12	12	18	1-0	2729	2699
13	12	57	66	1-0	2734	2688
13	12	65	11	1/2	2633	2668
13	12	6	13	1/2	2723	2743
13	12	10	4	1-0	2807	2594
13	12	53	51	1-0	2712	2624
13	12	52	2	1/2	2700	2753
13	13	2	12	1/2	2753	2729
13	13	4	65	1/2	2594	2633
13	13	18	57	1-0	2699	2734
13	13	13	53	1/2	2743	2712
13	13	11	6	0-1	2668	2723
13	13	66	10	1/2	2688	2807
13	13	51	52	1/2	2624	2700
14	1	7	40	0-1	2658	2691
14	1	67	38	1/2	2619	2677
14	1	8	23	1/2	2643	2629
14	1	68	26	1/2	2649	2658
14	1	69	43	1/2	2661	2663
14	2	40	68	1/2	2691	2649
14	2	43	26	1/2	2663	2658
14	2	23	7	1-0	2629	2658
14	2	38	8	1-0	2677	2643
14	2	69	67	0-1	2661	2619
14	3	7	38	1-0	2658	2677
14	3	67	43	1/2	2619	2663
14	3	26	40	1/2	2658	2691
14	3	68	23	1/2	2649	2629
14	3	8	69	1/2	2643	2661
14	4	67	8	1/2	2619	2643
14	4	38	68	1-0	2677	2649
14	4	23	26	1/2	2629	2658
14	4	43	40	1/2	2663	2691
14	4	69	7	1-0	2661	2658
14	5	26	38	1/2	2658	2677
14	5	7	67	1-0	2658	2619
14	5	8	43	1/2	2643	2663
14	5	40	23	1-0	2691	2629
14	5	68	69	1/2	2649	2661
14	6	69	26	1-0	2661	2658
14	6	38	40	1/2	2677	2691
14	6	67	68	1/2	2619	2649
14	6	43	23	1-0	2663	2629
14	6	8	7	0-1	2643	2658
14	7	26	67	1/2	2658	2619
14	7	68	8	1/2	2649	2643
14	7	40	69	1-0	2691	2661
14	7	7	43	1/2	2658	2663
14	7	23	38	1/2	2629	2677
14	8	69	23	1/2	2661	2629
14	8	8	26	1/2	2643	2658
14	8	67	40	1/2	2619	2691
14	8	7	68	1-0	2658	2649
14	8	43	38	1/2	2663	2677
14	9	40	8	1/2	2691	2643
14	9	38	69	0-1	2677	2661
14	9	68	43	1/2	2649	2663
14	9	26	7	1/2	2658	2658
14	9	23	67	1/2	2629	2619
15	1	5	1	1/2	2750	2741
15	1	58	37	1-0	2741	2747
15	1	49	17	0-1	2698	2733
15	1	57	53	1-0	2703	2710
15	1	6	70	1/2	2720	2728
15	2	5	6	1/2	2750	2720
15	2	37	49	1/2	2747	2698
15	2	70	58	1/2	2728	2741
15	2	1	53	1/2	2741	2710
15	2	17	57	1/2	2733	2703
15	3	58	5	0-1	2741	2750
15	3	49	70	1/2	2698	2728
15	3	53	17	1/2	2710	2733
15	3	57	37	1-0	2703	2747
15	3	6	1	1/2	2720	2741
15	4	1	17	1-0	2741	2733
15	4	70	57	1/2	2728	2703
15	4	37	53	1-0	2747	2710
15	4	5	49	1/2	2750	2698
15	4	6	58	0-1	2720	2741
15	5	58	1	1/2	2741	2741
15	5	49	6	1/2	2698	2720
15	5	17	37	1/2	2733	2747
15	5	57	5	1/2	2703	2750
15	5	53	70	1/2	2710	2728
15	6	5	53	0-1	2750	2710
15	6	58	49	1-0	2741	2698
15	6	1	37	1-0	2741	2747
15	6	6	57	1/2	2720	2703
15	6	70	17	1/2	2728	2733
15	7	17	5	1-0	2733	2750
15	7	37	70	1/2	2747	2728
15	7	53	6	1-0	2710	2720
15	7	49	1	1/2	2698	2741
15	7	57	58	1/2	2703	2741
15	8	58	53	1/2	2741	2710
15	8	1	70	1/2	2741	2728
15	8	49	57	1/2	2698	2703
15	8	5	37	1-0	2750	2747
15	8	6	17	1/2	2720	2733
15	9	70	5	1/2	2728	2750
15	9	53	49	1/2	2710	2698
15	9	17	58	1/2	2733	2741
15	9	57	1	1/2	2703	2741
15	9	37	6	1/2	2747	2720
16	1	51	1	0-1	2624	2736
16	1	2	57	1-0	2753	2734
16	1	10	71	1/2	2807	2847
16	2	71	51	0-1	2847	2624
16	2	27	2	1/2	2629	2753
16	2	57	10	0-1	2734	2807
16	3	1	71	1/2	2736	2847
16	3	51	57	1/2	2624	2734
16	3	10	27	1/2	2807	2629
16	4	57	1	1/2	2734	2736
16	4	27	51	1/2	2629	2624
16	4	2	10	1/2	2753	2807
16	5	1	27	1-0	2736	2629
16	5	51	2	1/2	2624	2753
16	5	71	57	1-0	2847	2734
16	6	2	1	1-0	2753	2736
16	6	10	51	1-0	2807	2624
16	6	27	71	1/2	2629	2847
16	7	57	27	1-0	2734	2629
16	7	1	10	1/2	2736	2807
16	7	71	2	1-0	2847	2753
16	8	71	10	1/2	2847	2807
16	8	57	2	1/2	2734	2753
16	8	1	51	1-0	2736	2624
16	9	10	57	1/2	2807	2734
16	9	51	71	1/2	2624	2847
16	9	2	27	1/2	2753	2629
16	10	71	1	1/2	2847	2736
16	10	27	10	1/2	2629	2807
16	10	57	51	1/2	2734	2624
16	11	10	2	1/2	2807	2753
16	11	1	57	1/2	2736	2734
16	11	51	27	1/2	2624	2629
16	12	27	1	1-0	2629	2736
16	12	2	51	1-0	2753	2624
16	12	57	71	1/2	2734	2847
16	13	51	10	1/2	2624	2807
16	13	1	2	1-0	2736	2753
16	13	71	27	1/2	2847	2629
16	14	2	71	1/2	2753	2847
16	14	27	57	0-1	2629	2734
16	14	10	1	1/2	2807	2736
17	1	72	13	1/2	2580	2745
17	1	10	66	1-0	2770	2745
17	2	2	10	1/2	2765	2770
17	2	13	52	0-1	2745	2670
17	2	73	72	1-0	2660	2580
17	3	10	18	1-0	2770	2725
17	3	72	66	1/2	2580	2745
17	3	52	73	1-0	2670	2660
17	4	18	13	1/2	2725	2745
17	4	66	52	1/2	2745	2670
17	5	13	73	1/2	2745	2660
17	5	74	18	1/2	2640	2725
17	5	52	2	1/2	2670	2765
17	5	72	10	1/2	2580	2770
17	6	74	72	1/2	2640	2580
17	6	66	13	1/2	2745	2745
17	6	18	73	1-0	2725	2660
17	7	13	2	1-0	2745	2765
17	7	17	10	1/2	2695	2770
17	7	72	18	0-1	2580	2725
17	8	72	52	1/2	2580	2670
17	8	2	73	1-0	2765	2660
17	8	18	66	1/2	2725	2745
17	9	73	10	1/2	2660	2770
17	9	13	74	1-0	2745	2640
17	9	52	18	1/2	2670	2725
17	1	74	73	1/2	2640	2660
17	1	2	18	1-0	2765	2725
17	1	52	17	1/2	2670	2695
17	2	18	17	1-0	2725	2695
17	2	66	74	1-0	2745	2640
17	3	17	13	1/2	2695	2745
17	3	74	2	0-1	2640	2765
17	4	73	17	1/2	2660	2695
17	4	2	72	1/2	2765	2580
17	4	10	74	1-0	2770	2640
17	5	17	66	1/2	2695	2745
17	6	10	52	1-0	2770	2670
17	6	2	17	1/2	2765	2695
17	7	52	74	0-1	2670	2640
17	7	73	66	1-0	2660	2745
17	8	10	13	1/2	2770	2745
17	8	74	17	1/2	2640	2695
17	9	66	2	1/2	2745	2765
17	9	17	72	1/2	2695	2580
18	1	12	6	1/2	2698	2709
18	1	7	38	0-1	2661	2665
18	1	3	75	1/2	2689	2652
18	1	57	43	1-0	2723	2650
18	1	26	41	1/2	2697	2664
18	2	41	12	1/2	2664	2698
18	2	6	7	1-0	2709	2661
18	2	57	3	1/2	2723	2689
18	2	43	38	1/2	2650	2665
18	2	75	26	1/2	2652	2697
18	3	38	6	1/2	2665	2709
18	3	7	41	0-1	2661	2664
18	3	12	75	1/2	2698	2652
18	3	26	57	1/2	2697	2723
18	3	3	43	1/2	2689	2650
18	4	3	26	1/2	2689	2697
18	4	75	7	1-0	2652	2661
18	4	43	6	1/2	2650	2709
18	4	57	12	1/2	2723	2698
18	4	41	38	1/2	2664	2665
18	5	6	41	1/2	2709	2664
18	5	26	43	1/2	2697	2650
18	5	7	57	1-0	2661	2723
18	5	12	3	1/2	2698	2689
18	5	38	75	1/2	2665	2652
18	6	57	38	1-0	2723	2665
18	6	3	7	0-1	2689	2661
18	6	75	6	0-1	2652	2709
18	6	26	12	1-0	2697	2698
18	6	43	41	1/2	2650	2664
18	7	12	43	1-0	2698	2650
18	7	38	3	0-1	2665	2689
18	7	41	75	1/2	2664	2652
18	7	7	26	0-1	2661	2697
18	7	6	57	1/2	2709	2723
18	8	43	75	1/2	2650	2652
18	8	12	7	1-0	2698	2661
18	8	26	38	1/2	2697	2665
18	8	3	6	1/2	2689	2709
18	8	57	41	1/2	2723	2664
18	9	38	12	1/2	2665	2698
18	9	41	3	1/2	2664	2689
18	9	75	57	1/2	2652	2723
18	9	6	26	1-0	2709	2697
18	9	7	43	1/2	2661	2650
19	1	76	17	1/2	2714	2736
19	1	1	6	1-0	2755	2739
19	1	10	49	1/2	2785	2714
19	1	69	18	1/2	2716	2787
19	1	40	70	1/2	2710	2752
19	2	17	10	1/2	2736	2785
19	2	6	70	1/2	2739	2752
19	2	49	69	1/2	2714	2716
19	2	1	76	1/2	2755	2714
19	2	18	40	1/2	2787	2710
19	3	40	49	0-1	2710	2714
19	3	10	1	1-0	2785	2755
19	3	76	6	0-1	2714	2739
19	3	70	18	1-0	2752	2787
19	3	69	17	1/2	2716	2736
19	4	6	18	1/2	2739	2787
19	4	17	40	1/2	2736	2710
19	4	1	69	1/2	2755	2716
19	4	76	10	1/2	2714	2785
19	4	49	70	1/2	2714	2752
19	5	69	76	1/2	2716	2714
19	5	40	1	1/2	2710	2755
19	5	10	6	1-0	2785	2739
19	5	70	17	1/2	2752	2736
19	5	18	49	1/2	2787	2714
19	6	1	70	1/2	2755	2752
19	6	17	18	1/2	2736	2787
19	6	10	69	1-0	2785	2716
19	6	6	49	1-0	2739	2714
19	6	76	40	0-1	2714	2710
19	7	69	6	0-1	2716	2739
19	7	49	17	1/2	2714	2736
19	7	18	1	1/2	2787	2755
19	7	70	76	0-1	2752	2714
19	7	40	10	1/2	2710	2785
19	8	1	49	1/2	2755	2714
19	8	10	70	1-0	2785	2752
19	8	69	40	1/2	2716	2710
19	8	76	18	1/2	2714	2787
19	8	6	17	1/2	2739	2736
19	9	40	6	1/2	2710	2739
19	9	70	69	1/2	2752	2716
19	9	49	76	1/2	2714	2714
19	9	18	10	1/2	2787	2785
19	9	17	1	1/2	2736	2755
20	1	65	77	1-0	2661	2578
20	1	18	21	1-0	2709	2640
20	1	61	17	1/2	2659	2692
20	2	17	18	0-1	2692	2709
20	2	65	61	1-0	2661	2659
20	2	77	21	1-0	2578	2640
20	3	61	77	1-0	2659	2578
20	3	18	65	1/2	2709	2661
20	3	21	17	1/2	2640	2692
20	4	21	61	1/2	2640	2659
20	4	17	65	0-1	2692	2661
20	4	18	77	1/2	2709	2578
20	5	61	18	0-1	2659	2709
20	5	65	21	0-1	2661	2640
20	5	77	17	1/2	2578	2692
20	6	77	65	1/2	2578	2661
20	6	21	18	1/2	2640	2709
20	6	17	61	1/2	2692	2659
20	7	21	77	1-0	2640	2578
20	7	18	17	1/2	2709	2692
20	7	61	65	1/2	2659	2661
20	8	17	21	1/2	2692	2640
20	8	65	18	1/2	2661	2709
20	8	77	61	0-1	2578	2659
20	9	17	77	1-0	2692	2578
20	9	18	61	1-0	2709	2659
20	9	21	65	1/2	2640	2661
20	10	65	17	1/2	2661	2692
20	10	61	21	1/2	2659	2640
20	10	77	18	1/2	2578	2709
21	1	11	16	1-0	2645	2630
21	1	4	78	1-0	2630	2620
21	1	73	43	0-1	2690	2580
21	1	55	79	1-0	2640	2665
21	2	79	80	1/2	2665	2620
21	2	11	73	0-1	2645	2690
21	2	43	3	1/2	2580	2615
21	2	16	78	1-0	2630	2620
21	3	3	11	1/2	2615	2645
21	3	4	79	1/2	2630	2665
21	3	78	81	1/2	2620	2630
21	3	80	82	1-0	2620	2655
21	4	82	4	1-0	2655	2630
21	4	79	78	1-0	2665	2620
21	4	30	80	1-0	2635	2620
21	4	73	3	1/2	2690	2615
21	4	43	55	1/2	2580	2640
21	5	55	11	1-0	2640	2645
21	5	78	82	1/2	2620	2655
21	5	4	30	1-0	2630	2635
21	6	73	55	0-1	2690	2640
21	6	43	4	1/2	2580	2630
21	6	30	78	1/2	2635	2620
21	6	16	79	1/2	2630	2665
21	6	82	81	1/2	2655	2630
21	6	11	80	0-1	2645	2620
21	7	81	30	1-0	2630	2635
21	7	78	43	0-1	2620	2580
21	7	55	3	1/2	2640	2615
21	7	4	11	0-1	2630	2645
21	7	79	82	1-0	2665	2655
21	8	11	78	1-0	2645	2620
21	8	73	4	1/2	2690	2630
21	8	16	82	1-0	2630	2655
21	8	3	80	1-0	2615	2620
21	8	30	79	1/2	2635	2665
21	9	55	16	1/2	2640	2630
21	9	82	30	1/2	2655	2635
21	9	79	43	1/2	2665	2580
21	9	81	11	1/2	2630	2645
21	10	55	80	1/2	2640	2620
21	10	43	82	1/2	2580	2655
21	10	73	81	1/2	2690	2630
21	10	3	78	1/2	2615	2620
21	11	81	3	1/2	2630	2615
21	11	80	16	1-0	2620	2630
21	11	79	73	1/2	2665	2690
21	11	4	55	1/2	2630	2640
21	12	80	4	0-1	2620	2630
21	12	73	82	1-0	2690	2655
21	12	11	30	1-0	2645	2635
21	12	3	79	0-1	2615	2665
21	12	16	43	0-1	2630	2580
21	2	30	61	1/2	2635	2635
21	4	11	61	1/2	2645	2635
21	13	82	3	1/2	2655	2615
21	13	30	73	1/2	2635	2690
21	13	81	55	1-0	2630	2640
21	13	43	11	1-0	2580	2645
21	1	80	81	0-1	2620	2630
21	1	3	30	1-0	2615	2635
21	2	82	55	0-1	2655	2640
21	2	81	4	1/2	2630	2630
21	3	73	16	1/2	2690	2630
21	3	55	30	1/2	2640	2635
21	4	16	81	1/2	2630	2630
21	5	81	79	0-1	2630	2665
21	5	3	16	1/2	2615	2630
21	5	80	43	1/2	2620	2580
21	7	80	73	1-0	2620	2690
21	8	43	81	1-0	2580	2630
21	9	4	3	0-1	2630	2615
21	9	78	73	0-1	2620	2690
21	10	11	79	0-1	2645	2665
21	10	16	30	1/2	2630	2635
21	11	30	43	1-0	2635	2580
21	11	82	11	1/2	2655	2645
21	12	55	78	1/2	2640	2620
21	13	78	80	1-0	2620	2620
21	13	4	16	1/2	2630	2630
22	1	10	9	1-0	2770	2660
22	1	14	55	1-0	2755	2649
22	1	2	31	1-0	2762	2667
22	1	1	72	1-0	2743	2615
22	2	55	10	1/2	2649	2770
22	2	9	2	1/2	2660	2762
22	2	31	1	1/2	2667	2743
22	2	12	14	1/2	2702	2755
22	3	1	9	1/2	2743	2660
22	3	10	12	1/2	2770	2702
22	3	2	55	1-0	2762	2649
22	3	72	31	1/2	2615	2667
22	4	55	1	1/2	2649	2743
22	4	9	72	1/2	2660	2615
22	4	14	10	1-0	2755	2770
22	4	12	2	1/2	2702	2762
22	5	2	14	1-0	2762	2755
22	5	72	55	1/2	2615	2649
22	5	1	12	1-0	2743	2702
22	5	31	9	1/2	2667	2660
22	6	10	2	1-0	2770	2762
22	6	12	72	1-0	2702	2615
22	6	14	1	1/2	2755	2743
22	6	55	31	1/2	2649	2667
22	7	1	10	1/2	2743	2770
22	7	72	14	1/2	2615	2755
22	7	31	12	1/2	2667	2702
22	7	9	55	1-0	2660	2649
22	8	2	1	1/2	2762	2743
22	8	10	72	1-0	2770	2615
22	8	14	31	1/2	2755	2667
22	8	12	9	0-1	2702	2660
22	9	9	14	1/2	2660	2755
22	9	72	2	0-1	2615	2762
22	9	31	10	1/2	2667	2770
22	9	55	12	1/2	2649	2702
23	1	84	72	1-0	2655	2600
23	1	11	6	0-1	2645	2690
23	1	31	74	1/2	2650	2665
23	2	84	31	1/2	2655	2650
23	2	72	6	0-1	2600	2690
23	2	74	11	1-0	2665	2645
23	3	31	72	1-0	2650	2600
23	3	11	84	1/2	2645	2655
23	4	84	6	1/2	2655	2690
23	4	31	11	1-0	2650	2645
23	4	72	74	1/2	2600	2665
23	5	74	84	1/2	2665	2655
23	5	6	31	1/2	2690	2650
23	5	11	72	1-0	2645	2600
23	3	6	74	1-0	2690	2665
24	1	27	71	1/2	2629	2838
24	1	57	18	1-0	2727	2717
24	1	6	2	1/2	2715	2757
24	2	18	6	1/2	2717	2715
24	2	2	27	1/2	2757	2629
24	2	14	57	1-0	2742	2727
24	3	27	18	1/2	2629	2717
24	3	71	2	1/2	2838	2757
24	3	6	14	1/2	2715	2742
24	4	18	71	1/2	2717	2838
24	4	14	27	1/2	2742	2629
24	4	57	6	1/2	2727	2715
24	5	71	14	1-0	2838	2742
24	5	2	18	1/2	2757	2717
24	5	27	57	1/2	2629	2727
24	6	14	2	1-0	2742	2757
24	6	6	27	1/2	2715	2629
24	6	57	71	1/2	2727	2838
24	7	71	6	1/2	2838	2715
24	7	2	57	1/2	2757	2727
24	7	18	14	1-0	2717	2742
24	8	18	57	1/2	2717	2727
24	8	71	27	1-0	2838	2629
24	8	2	6	1-0	2757	2715
24	9	27	2	1/2	2629	2757
24	9	6	18	1-0	2715	2717
24	9	57	14	1-0	2727	2742
24	10	14	6	1-0	2742	2715
24	10	2	71	1/2	2757	2838
24	10	18	27	1-0	2717	2629
24	11	71	18	1/2	2838	2717
24	11	27	14	1/2	2629	2742
24	11	6	57	1/2	2715	2727
24	12	18	2	1/2	2717	2757
24	12	14	71	1/2	2742	2838
24	12	57	27	1-0	2727	2629
24	13	71	57	1-0	2838	2727
24	13	2	14	1/2	2757	2742
21	6	3	61	1-0	2615	2635
21	9	80	61	1-0	2620	2635
24	13	27	6	1-0	2629	2715
24	14	6	71	0-1	2715	2838
24	14	57	2	1/2	2727	2757
24	14	14	18	1/2	2742	2717
25	4	11	5	1/2	2655	2660
25	6	6	5	0-1	2700	2660
25	7	5	71	1-0	2660	2820
25	11	43	5	0-1	2625	2660
25	1	14	43	1-0	2680	2625
25	1	85	10	0-1	2500	2770
25	1	6	55	1/2	2700	2630
25	1	16	52	1/2	2660	2670
25	1	11	71	0-1	2655	2820
25	2	43	16	1-0	2625	2660
25	2	55	5	0-1	2630	2660
25	2	1	14	1/2	2635	2680
25	2	11	85	1-0	2655	2500
25	2	71	52	1-0	2820	2670
25	3	6	11	1-0	2700	2655
25	3	5	10	1/2	2660	2770
25	3	85	71	0-1	2500	2820
25	3	14	55	1/2	2680	2630
25	3	52	43	1-0	2670	2625
25	4	55	16	0-1	2630	2660
25	1	5	1	1/2	2660	2635
25	5	6	71	0-1	2700	2820
25	6	11	16	1/2	2655	2660
25	7	14	6	1/2	2680	2700
25	9	55	10	0-1	2630	2770
25	9	43	85	1/2	2625	250
25	9	16	5	1/2	2660	2660
25	9	52	6	1-0	2670	2700
25	9	14	71	1/2	2680	2820
25	9	1	11	1-0	2635	2655
25	10	14	16	1-0	2680	2660
25	10	5	52	1/2	2660	2670
25	11	52	14	1/2	2670	2680
25	11	55	85	1/2	2630	250
25	11	1	6	1/2	2635	2685
25	11	16	71	1/2	2660	2820
25	3	16	1	0-1	2660	2635
25	8	10	1	1/2	2770	2635
25	2	10	6	1-0	2770	2700
25	4	71	43	1/2	2820	2625
25	4	1	52	1/2	2635	2670
25	4	85	6	0-1	2500	2700
25	4	10	14	1/2	2770	2680
25	5	16	10	0-1	2660	2770
25	5	14	11	1/2	2680	2655
25	5	43	1	1/2	2625	2635
25	5	5	85	1-0	2660	2500
25	5	52	55	1/2	2670	2630
25	6	55	43	1/2	2630	2625
25	6	85	14	0-1	2500	2680
25	6	10	52	1/2	2770	2670
25	6	71	1	1-0	2820	2635
25	7	43	10	1/2	2625	2770
25	7	1	55	1-0	2635	2630
25	7	52	11	1/2	2670	2655
25	7	16	85	1-0	2660	2500
25	8	85	52	1/2	2500	2670
25	8	5	14	1/2	2660	2680
25	8	71	55	1-0	2820	2630
25	8	6	16	1/2	2700	2660
25	8	11	43	1/2	2655	2625
25	10	6	43	1-0	2700	2625
25	10	11	55	1-0	2655	2630
25	10	71	10	1/2	2820	2770
25	10	85	1	0-1	2500	2635
25	11	10	11	1-0	2770	2655
26	1	17	69	1/2	2733	2679
26	1	70	22	1-0	2757	2654
26	1	10	2	1/2	2772	2786
26	1	49	1	1/2	2693	2738
26	2	10	17	1-0	2772	2733
26	2	22	49	1/2	2654	2693
26	2	69	70	1-0	2679	2757
26	2	2	1	1/2	2786	2738
26	3	1	22	1/2	2738	2654
26	3	70	10	1/2	2757	2772
26	3	49	69	1/2	2693	2679
26	3	17	2	1/2	2733	2786
26	4	2	22	1-0	2786	2654
26	4	17	70	1/2	2733	2757
26	4	10	49	1-0	2772	2693
26	4	69	1	1/2	2679	2738
26	5	22	69	1/2	2654	2679
26	5	70	2	1/2	2757	2786
26	5	49	17	1/2	2693	2733
26	5	1	10	1/2	2738	2772
26	6	10	22	1-0	2772	2654
26	6	2	69	1/2	2786	2679
26	6	17	1	0-1	2733	2738
26	6	70	49	1/2	2757	2693
26	7	49	2	1/2	2693	2786
26	7	69	10	1/2	2679	2772
26	7	1	70	1/2	2738	2757
26	7	22	17	1/2	2654	2733
27	1	61	52	0-1	2632	2715
27	1	86	1	1/2	2578	2746
27	1	17	87	1/2	2700	2676
27	1	73	88	1-0	2686	2640
27	1	89	90	1/2	2659	2600
27	2	1	73	1/2	2746	2686
27	2	87	61	1/2	2676	2632
27	2	90	52	0-1	2600	2715
27	2	88	17	1/2	2640	2700
27	2	89	86	1/2	2659	2578
27	3	52	87	1-0	2715	2676
27	3	17	1	1/2	2700	2746
27	3	73	89	1/2	2686	2659
27	3	86	90	1/2	2578	2600
27	3	61	88	1/2	2632	2640
27	4	86	73	0-1	2578	2686
27	4	89	17	1/2	2659	2700
27	4	1	61	1/2	2746	2632
27	4	88	52	1/2	2640	2715
27	4	90	87	1/2	2600	2676
27	5	87	88	1/2	2676	2640
27	5	61	89	1/2	2632	2659
27	5	17	86	1/2	2700	2578
27	5	73	90	1/2	2686	2600
27	5	52	1	0-1	2715	2746
27	6	86	61	1/2	2578	2632
27	6	89	52	1/2	2659	2715
27	6	90	88	1-0	2600	2640
27	6	73	17	1-0	2686	2700
27	6	1	87	1/2	2746	2676
27	7	52	86	1-0	2715	2578
27	7	17	90	1-0	2700	2600
27	7	61	73	1/2	2632	2686
27	7	88	1	1/2	2640	2746
27	7	87	89	0-1	2676	2659
27	8	73	52	1-0	2686	2715
27	8	86	87	1-0	2578	2676
27	8	90	1	1-0	2600	2746
27	8	89	88	0-1	2659	2640
27	8	17	61	1/2	2700	2632
27	9	88	86	1-0	2640	2578
27	9	52	17	1/2	2715	2700
27	9	61	90	1/2	2632	2600
27	9	87	73	1/2	2676	2686
27	9	1	89	1-0	2746	2659
28	1	91	92	1-0	2596	2592
28	1	3	26	1/2	2696	2694
28	1	18	50	0-1	2748	2637
28	1	7	58	0-1	2682	2724
28	1	93	94	1/2	2662	2645
28	2	92	50	1/2	2592	2637
28	2	58	3	1/2	2724	2696
28	2	91	93	1-0	2596	2662
28	2	26	18	1/2	2694	2748
28	2	94	7	1/2	2645	2682
28	3	93	92	1/2	2662	2592
28	3	3	94	1/2	2696	2645
28	3	50	26	1-0	2637	2694
28	3	7	91	1/2	2682	2596
28	3	18	58	1-0	2748	2724
28	4	94	18	1/2	2645	2748
28	4	58	50	1-0	2724	2637
28	4	93	7	1-0	2662	2682
28	4	91	3	1-0	2596	2696
28	4	92	26	1/2	2592	2694
28	5	7	92	0-1	2682	2592
28	5	18	91	1/2	2748	2596
28	5	50	94	1/2	2637	2645
28	5	26	58	0-1	2694	2724
28	5	3	93	1/2	2696	2662
28	6	94	26	1/2	2645	2694
28	6	7	3	1/2	2682	2696
28	6	93	18	1/2	2662	2748
28	6	92	58	0-1	2592	2724
28	6	91	50	1/2	2596	2637
28	7	58	94	1/2	2724	2645
28	7	3	92	1-0	2696	2592
28	7	18	7	0-1	2748	2682
28	7	26	91	1-0	2694	2596
28	8	91	58	1/2	2596	2724
28	8	3	18	1/2	2696	2748
28	8	93	26	1-0	2662	2694
28	8	92	94	1-0	2592	2645
28	9	18	92	1/2	2748	2592
28	9	94	91	1/2	2645	2596
28	9	26	7	1/2	2694	2682
28	9	58	93	1/2	2724	2662
29	1	25	2	0-1	2708	2803
29	1	5	13	1/2	2743	2804
29	1	57	76	1/2	2738	2671
29	2	5	57	1-0	2743	2738
29	2	13	2	0-1	2804	2803
29	2	76	25	1-0	2671	2708
29	3	57	13	1/2	2738	2804
29	3	2	76	0-1	2803	2671
29	3	25	5	1/2	2708	2743
29	4	76	5	1-0	2671	2743
29	4	2	57	1-0	2803	2738
29	4	25	13	1/2	2708	2804
29	5	13	76	1-0	2804	2671
29	5	5	2	1/2	2743	2803
29	5	57	25	1/2	2738	2708
29	6	76	57	1-0	2671	2738
29	6	2	25	1/2	2803	2708
29	6	13	5	0-1	2804	2743
29	7	57	5	1-0	2738	2743
29	7	25	76	1/2	2708	2671
29	7	2	13	0-1	2803	2804
29	8	76	2	1/2	2671	2803
29	8	13	57	1-0	2804	2738
29	8	5	25	1/2	2743	2708
29	9	76	13	0-1	2671	2804
29	9	2	5	1/2	2803	2743
29	9	25	57	1/2	2708	2738
29	10	5	76	1/2	2743	2671
29	10	57	2	1/2	2738	2803
29	10	13	25	1-0	2804	2708
30	1	1	6	0-1	2694	2726
30	1	12	71	1/2	2679	2812
30	1	37	3	1-0	2720	2620
30	1	4	13	0-1	2670	2700
30	1	14	73	1-0	2716	2697
30	2	13	14	1-0	2700	2716
30	2	3	4	1-0	2624	2670
30	2	73	12	1/2	2697	2679
30	2	1	37	1/2	2694	2723
30	2	6	71	1/2	2726	2812
30	3	14	3	1-0	2716	2624
30	3	12	13	1-0	2679	2700
30	3	71	73	1-0	2812	2697
30	3	37	6	1-0	2723	2726
30	3	4	1	1/2	2670	2694
30	4	13	71	1/2	2700	2812
30	4	1	14	1/2	2694	2716
30	4	37	4	1/2	2723	2670
30	4	3	12	1/2	2624	2679
30	4	6	73	1/2	2726	2697
30	5	14	37	1/2	2716	2723
30	5	73	13	1/2	2697	2700
30	5	4	6	0-1	2670	2726
30	5	71	3	1-0	2812	2624
30	5	12	1	1/2	2679	2694
30	6	1	71	1/2	2694	2812
30	6	37	12	0-1	2723	2679
30	6	4	14	0-1	2670	2716
30	6	3	73	0-1	2624	2697
30	6	6	13	1-0	2726	2700
30	7	14	6	1/2	2715	2725
30	7	71	37	1-0	2812	2723
30	7	73	1	0-1	2695	2690
30	7	12	4	1-0	2679	2670
30	7	13	3	1/2	2700	2624
30	8	4	71	0-1	2670	2812
30	8	37	73	1-0	2723	2697
30	8	6	3	1-0	2726	2624
30	8	1	13	1/2	2694	2700
30	8	14	12	1/2	2716	2679
30	9	73	4	1/2	2697	2670
30	9	3	1	1/2	2624	2694
30	9	71	14	1-0	2812	2716
30	9	13	37	0-1	2700	2723
30	9	12	6	1/2	2679	2726
31	1	2	1	1/2	2774	2739
31	1	95	96	1/2	2470	2499
31	1	10	51	1-0	2785	2648
31	1	22	7	0-1	2574	2650
31	2	96	95	1-0	2499	2470
31	2	2	51	0-1	2774	2648
31	2	1	22	1/2	2739	2574
31	2	7	10	1/2	2650	2785
31	3	7	2	1-0	2650	2774
31	3	10	22	1/2	2785	2574
31	3	51	1	1/2	2648	2739
31	3	95	96	1-0	2470	2499
31	4	96	95	1-0	2499	2470
31	4	1	7	0-1	2739	2650
31	4	22	51	1-0	2574	2648
31	4	2	10	1/2	2774	2785
31	5	10	1	1/2	2785	2739
31	5	51	7	1/2	2648	2650
31	5	95	96	1/2	2470	2499
31	5	22	2	0-1	2574	2774
31	6	96	95	1-0	2499	2470
31	6	51	10	1/2	2648	2785
31	6	7	22	1-0	2650	2574
31	6	1	2	0-1	2739	2774
31	7	2	7	1-0	2774	2650
31	7	1	51	1/2	2739	2648
31	7	95	96	1/2	2470	2499
31	7	22	10	1/2	2574	2785
31	8	7	1	1/2	2650	2739
31	8	96	95	1/2	2499	2470
31	8	51	22	1-0	2648	2574
31	8	10	2	1/2	2785	2774
31	9	7	51	1/2	2650	2648
31	9	1	10	1/2	2739	2785
31	9	2	22	1/2	2774	2574
31	9	95	96	1/2	2470	2499
31	10	22	1	1/2	2574	2739
31	10	51	2	1/2	2648	2774
31	10	96	95	1/2	2499	2470
31	10	10	7	1/2	2785	2650
32	1	71	6	1-0	2851	2751
32	1	1	2	1/2	2725	2769
32	1	31	10	0-1	2656	2758
32	2	31	71	1/2	2656	2851
32	2	10	2	1/2	2758	2769
32	2	6	1	1/2	2751	2725
32	3	71	10	1/2	2851	2758
32	3	1	31	1/2	2725	2656
32	3	2	6	0-1	2769	2751
32	4	6	31	1/2	2751	2656
32	4	2	71	0-1	2769	2851
32	4	1	10	1/2	2725	2758
32	5	71	1	1/2	2851	2725
32	5	31	2	1/2	2656	2769
32	5	10	6	1-0	2758	2751
32	6	6	71	1/2	2751	2851
32	6	2	1	1/2	2769	2725
32	6	10	31	1/2	2758	2656
32	7	71	31	1/2	2851	2656
32	7	1	6	1/2	2725	2751
32	7	2	10	1/2	2769	2758
32	8	10	71	1/2	2758	2851
32	8	31	1	1-0	2656	2725
32	8	6	2	1/2	2751	2769
32	9	6	10	1/2	2751	2758
32	9	1	71	1/2	2725	2851
32	9	2	31	1-0	2769	2656
32	10	71	2	1/2	2851	2769
32	10	31	6	1/2	2656	2751
32	10	10	1	1/2	2758	2725
33	1	1	80	1/2	2670	2630
33	1	97	30	1/2	2505	2600
33	1	21	81	0-1	2690	2660
33	1	65	5	1/2	2660	2690
33	2	80	21	0-1	2630	2690
33	2	14	30	1/2	2670	2600
33	3	30	81	1-0	2600	2660
33	3	97	80	1/2	2505	2630
33	3	65	14	1/2	2660	2670
33	4	14	81	1/2	2670	2660
33	4	2	21	1/2	2770	2690
33	4	80	30	1/2	2630	2600
33	4	65	1	1/2	2660	2670
33	5	30	5	1/2	2600	2690
33	5	21	65	1/2	2690	2660
33	5	97	2	1/2	2505	2770
33	5	81	80	1/2	2660	2630
33	6	65	97	1-0	2660	2505
33	6	14	80	1-0	2670	2630
33	6	2	30	1-0	2770	2600
33	6	5	81	1/2	2690	2660
33	7	80	5	0-1	2630	2690
33	7	30	65	1/2	2600	2660
33	7	21	14	1/2	2690	2670
33	7	97	1	1/2	2505	2670
33	7	81	2	1/2	2660	2770
33	8	1	30	1/2	2670	2600
33	8	65	81	1/2	2660	2660
33	8	14	5	1/2	2670	2690
33	8	21	97	0-1	2690	2505
33	8	2	80	1-0	2770	2630
33	9	30	21	1/2	2600	2690
33	9	81	1	1/2	2660	2670
33	9	80	65	1/2	2630	2660
33	9	97	14	1/2	2505	2670
33	9	5	2	1/2	2690	2770
33	1	2	14	1-0	2770	2670
33	2	81	97	0-1	2660	2505
33	2	2	65	1-0	2770	2660
33	2	5	1	1/2	2690	2670
33	3	1	2	1/2	2670	2770
33	3	21	5	0-1	2690	2690
33	4	5	97	1/2	2690	2505
33	5	1	14	1/2	2670	2670
33	6	1	21	1-0	2670	2690
34	4	98	99	1-0	2491	2556
34	4	42	100	1/2	2573	2608
34	4	101	102	1-0	2623	2525
34	4	103	104	1/2	2499	2428
34	4	105	58	1/2	2529	2551
34	1	101	103	1/2	2623	2499
34	1	104	99	0-1	2428	2556
34	1	100	58	1/2	2608	2551
34	1	102	98	1/2	2525	2491
34	1	42	105	1/2	2573	2529
34	2	98	100	0-1	2491	2608
34	2	42	101	1/2	2573	2623
34	2	58	104	1-0	2551	2428
34	2	103	102	1-0	2499	2525
34	2	105	99	1-0	2529	2556
34	3	101	105	1/2	2623	2529
34	3	102	42	0-1	2525	2573
34	3	104	98	0-1	2428	2491
34	3	100	103	1-0	2608	2499
34	3	99	58	1/2	2556	2551
34	5	102	105	1/2	2525	2529
34	5	99	103	1/2	2556	2499
34	5	100	101	1/2	2608	2623
34	5	104	42	0-1	2428	2573
34	5	58	98	0-1	2551	2491
34	6	105	98	1/2	2529	2491
34	6	42	99	1-0	2573	2556
34	6	102	100	1/2	2525	2608
34	6	101	104	1/2	2623	2428
34	6	103	58	1/2	2499	2551
34	7	104	102	1-0	2428	2525
34	7	100	105	0-1	2608	2529
34	7	98	103	1/2	2491	2499
34	7	99	101	1-0	2556	2623
34	7	58	42	1/2	2551	2573
34	8	42	98	1/2	2573	2491
34	8	102	99	1-0	2525	2556
34	8	101	58	1/2	2623	2551
34	8	105	103	1/2	2529	2499
34	8	100	104	1/2	2608	2428
34	9	58	102	1-0	2551	2525
34	9	104	105	0-1	2428	2529
34	9	103	42	1/2	2499	2573
34	9	98	101	1/2	2491	2623
34	9	99	100	0-1	2556	2608
35	1	106	11	1/2	2568	2643
35	1	107	17	0-1	2646	2681
35	1	65	18	1/2	2702	2719
35	1	6	5	1/2	2746	2689
35	1	87	89	1-0	2668	2666
35	2	89	106	0-1	2666	2568
35	2	11	65	1-0	2643	2702
35	2	6	87	1/2	2746	2668
35	2	18	107	1-0	2719	2646
35	2	5	17	0-1	2689	2681
35	3	107	11	0-1	2646	2643
35	3	17	18	1/2	2681	2719
35	3	87	5	0-1	2668	2689
35	3	106	6	0-1	2568	2746
35	3	65	89	0-1	2702	2666
35	4	11	17	1/2	2643	2681
35	4	89	107	1-0	2666	2646
35	4	6	65	1-0	2746	2702
35	4	87	106	1/2	2668	2568
35	4	5	18	1/2	2689	2719
35	5	65	87	1-0	2702	2668
35	5	18	11	0-1	2719	2643
35	5	17	89	1-0	2681	2666
35	5	107	6	0-1	2646	2746
35	5	106	5	1/2	2568	2689
35	6	89	18	1/2	2666	2719
35	6	6	17	0-1	2746	2681
35	6	87	107	1-0	2668	2646
35	6	5	11	0-1	2689	2643
35	6	106	65	0-1	2568	2702
35	7	107	106	1/2	2646	2568
35	7	11	89	1/2	2643	2666
35	7	18	6	1/2	2719	2746
35	7	17	87	1/2	2681	2668
35	7	65	5	1-0	2702	2689
35	8	5	89	1/2	2689	2666
35	8	6	11	1-0	2746	2643
35	8	65	107	1-0	2702	2646
35	8	106	17	1/2	2568	2681
35	8	87	18	0-1	2668	2719
35	9	18	106	1/2	2719	2568
35	9	17	65	1/2	2681	2702
35	9	107	5	1/2	2646	2689
35	9	89	6	1/2	2666	2746
35	9	11	87	1/2	2643	2668
36	1	33	108	1-0	2635	2593
36	1	110	111	1/2	2646	2611
36	1	51	112	1/2	2673	2671
36	1	29	26	1/2	2573	2705
36	2	26	51	1/2	2705	2673
36	2	108	29	1-0	2593	2573
36	2	112	110	1/2	2671	2646
36	2	30	33	1/2	2633	2635
36	3	29	30	1-0	2573	2633
36	3	51	108	1/2	2673	2593
36	3	110	26	1/2	2646	2705
36	4	30	51	0-1	2633	2673
36	1	30	45	1-0	2633	2658
36	4	108	110	1-0	2593	2646
36	4	26	111	1/2	2705	2611
36	4	33	29	1/2	2635	2573
36	5	110	30	1-0	2646	2633
36	5	111	108	1/2	2611	2593
36	5	51	33	1-0	2673	2635
36	5	112	26	1-0	2671	2705
36	6	29	51	1/2	2573	2673
36	6	33	110	1/2	2635	2646
36	6	30	111	1-0	2633	2611
36	6	108	112	1/2	2593	2671
36	7	111	33	1/2	2611	2635
36	7	26	108	1-0	2705	2593
36	7	112	30	1/2	2671	2633
36	7	110	29	1/2	2646	2573
36	8	51	110	1/2	2673	2646
36	8	33	112	1/2	2635	2671
36	8	30	26	1/2	2633	2705
36	8	29	111	1-0	2573	2611
36	9	26	33	1-0	2705	2635
36	9	112	29	1/2	2671	2573
36	9	111	51	1/2	2611	2673
36	9	108	30	1-0	2593	2633
37	1	12	1	1-0	2707	2713
37	1	16	25	1/2	2687	2649
37	1	17	113	1-0	2703	2546
37	1	66	59	1/2	2693	2591
37	1	13	37	1-0	2739	2742
37	2	25	13	1/2	2649	2739
37	2	113	66	0-1	2546	2693
37	2	59	16	1/2	2591	2687
37	2	12	17	1/2	2707	2703
37	2	1	37	1-0	2713	2742
37	3	66	12	1/2	2693	2707
37	3	13	59	1/2	2739	2591
37	3	37	25	1/2	2742	2649
37	3	16	113	1/2	2687	2546
37	3	17	1	1/2	2703	2713
37	4	113	13	1/2	2546	2739
37	4	59	37	1-0	2591	2742
37	4	12	16	1/2	2707	2687
37	4	1	25	1/2	2713	2649
37	4	17	66	1/2	2703	2693
37	5	66	1	1-0	2693	2713
37	5	25	59	1/2	2649	2591
37	5	16	17	1/2	2687	2703
37	5	37	113	0-1	2742	2546
37	5	13	12	1/2	2739	2707
37	6	1	59	1-0	2713	2591
37	6	113	25	1/2	2546	2649
37	6	17	13	1/2	2703	2739
37	6	12	37	0-1	2707	2742
37	6	66	16	1/2	2693	2687
37	7	16	1	1/2	2687	2713
37	7	13	66	1-0	2739	2693
37	7	37	17	0-1	2742	2703
37	7	25	12	0-1	2649	2707
37	7	59	113	1/2	2591	2546
37	8	16	13	0-1	2687	2739
37	8	12	59	0-1	2707	2591
37	8	17	25	1/2	2703	2649
37	8	66	37	1/2	2693	2742
37	8	1	113	1/2	2713	2546
37	9	59	17	0-1	2591	2703
37	9	37	16	1/2	2742	2687
37	9	25	66	1-0	2649	2693
37	9	13	1	1/2	2739	2713
37	9	113	12	1/2	2546	2707
38	1	6	112	0-1	2746	2673
38	1	18	12	1/2	2719	2702
38	1	55	114	1/2	2649	2598
38	1	38	115	1-0	2670	2595
38	2	6	55	1/2	2746	2649
38	2	114	18	0-1	2598	2719
38	2	112	115	1/2	2673	2595
38	2	12	38	1/2	2702	2670
38	3	18	6	1/2	2719	2746
38	3	38	114	1/2	2670	2598
38	3	115	12	0-1	2595	2702
38	3	55	112	1-0	2649	2673
38	4	112	12	1/2	2673	2702
38	4	114	115	1/2	2598	2595
38	4	55	18	0-1	2649	2719
38	4	6	38	1-0	2746	2670
38	5	115	6	1-0	2595	2746
38	5	12	114	1-0	2702	2598
38	5	38	55	1/2	2670	2649
38	5	18	112	1/2	2719	2673
38	6	18	38	1/2	2719	2670
38	6	112	114	1-0	2673	2598
38	6	6	12	1-0	2746	2702
38	6	55	115	1-0	2649	2595
38	7	114	6	1/2	2598	2746
38	7	115	18	0-1	2595	2719
38	7	12	55	1-0	2702	2649
38	7	38	112	1/2	2670	2673
39	1	52	11	1/2	2658	2646
39	1	10	14	1-0	2758	2715
39	1	4	2	1/2	2655	2769
39	1	114	55	0-1	2605	2633
39	1	1	37	1/2	2725	2748
39	1	82	73	1/2	2659	2683
39	1	61	71	0-1	2659	2851
39	2	2	82	1-0	2769	2659
39	2	11	61	0-1	2646	2659
39	2	73	1	1/2	2683	2725
39	2	55	71	1/2	2633	2851
39	2	37	10	1/2	2748	2758
39	2	14	52	1/2	2715	2658
39	2	114	4	0-1	2605	2655
39	3	52	37	0-1	2658	2748
39	3	10	73	1-0	2758	2683
39	3	1	2	1/2	2725	2769
39	3	82	114	1/2	2659	2605
36	5	29	45	1/2	2573	2658
36	7	51	45	1/2	2673	2658
39	3	71	11	1-0	2851	2646
39	3	4	55	0-1	2655	2633
39	3	61	14	1/2	2659	2715
39	4	14	71	1/2	2715	2851
39	4	2	10	1/2	2769	2758
39	4	4	82	1/2	2655	2659
39	4	37	61	1/2	2748	2659
39	4	114	1	0-1	2605	2725
39	4	55	11	1/2	2633	2646
39	4	73	52	1-0	2683	2658
39	5	10	114	1-0	2758	2605
39	5	52	2	1/2	2658	2769
39	5	82	55	1-0	2659	2633
39	5	11	14	0-1	2646	2715
39	5	71	37	1-0	2851	2748
39	5	61	73	1/2	2659	2683
39	5	1	4	1/2	2725	2655
39	6	37	11	1-0	2748	2646
39	6	4	10	1/2	2655	2758
39	6	114	52	1-0	2605	2658
39	6	82	1	0-1	2659	2725
39	6	55	14	1/2	2633	2715
39	6	73	71	1/2	2683	2851
39	6	2	61	1-0	2769	2659
39	7	10	82	1/2	2758	2659
39	7	1	55	1/2	2725	2633
39	7	61	114	0-1	2659	2605
39	7	71	2	1/2	2851	2769
39	7	14	37	1/2	2715	2748
39	7	11	73	1/2	2646	2683
39	7	52	4	1/2	2658	2655
39	8	114	71	1/2	2605	2851
39	8	55	37	1/2	2633	2748
39	8	82	52	1/2	2659	2658
39	8	2	11	1/2	2769	2646
39	8	4	61	1/2	2655	2659
39	8	73	14	0-1	2683	2715
39	8	1	10	1/2	2725	2758
39	9	14	2	1/2	2715	2769
39	9	10	55	1/2	2758	2633
39	9	61	82	0-1	2659	2659
39	9	52	1	1/2	2658	2725
39	9	11	114	1/2	2646	2605
39	9	37	73	1/2	2748	2683
39	9	71	4	1-0	2851	2655
39	10	114	14	1/2	2605	2715
39	10	82	71	0-1	2659	2851
39	10	1	61	1-0	2725	2659
39	10	2	37	1/2	2769	2748
39	10	55	73	1-0	2633	2683
39	10	10	52	1/2	2758	2658
39	10	4	11	1-0	2655	2646
39	11	71	1	1/2	2851	2725
39	11	37	114	1-0	2748	2605
39	11	14	4	1-0	2715	2655
39	11	11	82	1/2	2646	2659
39	11	73	2	1/2	2683	2769
39	11	61	10	1/2	2659	2758
39	11	52	55	1-0	2658	2633
39	12	10	71	1/2	2758	2851
39	12	1	11	1/2	2725	2646
39	12	114	73	1/2	2605	2683
39	12	82	14	1-0	2659	2715
39	12	55	2	1/2	2633	2769
39	12	4	37	1-0	2655	2748
39	12	52	61	1/2	2658	2659
39	13	61	55	1-0	2659	2633
39	13	14	1	1/2	2715	2725
39	13	73	4	1/2	2683	2655
39	13	37	82	1-0	2748	2659
39	13	11	10	1/2	2646	2758
39	13	2	114	1-0	2769	2605
39	13	71	52	1-0	2851	2658
40	1	116	73	1/2	2567	2676
40	1	2	31	1/2	2794	2690
40	2	116	2	0-1	2567	2794
40	2	73	31	1-0	2676	2690
40	3	2	73	1-0	2794	2676
40	3	31	116	1-0	2690	2567
40	4	31	2	1/2	2690	2794
40	4	73	116	1-0	2676	2567
40	5	31	73	1/2	2690	2676
40	5	2	116	1-0	2794	2567
40	6	116	31	1/2	2567	2690
40	6	73	2	1/2	2676	2794
41	1	55	3	1/2	2609	2610
41	1	6	117	1/2	2726	2595
41	1	118	2	0-1	2540	2780
41	1	81	5	1/2	2597	2713
41	1	11	10	1/2	2636	2751
41	1	13	4	1-0	2700	2649
41	1	71	18	1/2	2812	2714
41	2	4	118	1-0	2649	2542
41	2	5	13	1/2	2713	2700
41	2	3	6	0-1	2610	2726
41	2	2	55	1-0	2784	2609
41	2	10	81	1-0	2751	2597
41	2	71	11	1-0	2812	2636
41	2	18	117	1/2	2714	2595
41	3	13	10	1/2	2700	2751
41	3	6	2	1/2	2726	2784
41	3	11	18	1/2	2636	2714
41	3	55	4	1-0	2609	2649
41	3	117	3	1/2	2595	2610
41	3	118	5	1/2	2542	2713
41	3	81	71	0-1	2597	2812
41	4	5	55	1/2	2713	2609
41	4	18	3	1-0	2714	2610
41	4	2	117	1-0	2784	2595
41	4	11	81	1-0	2636	2597
41	4	4	6	1/2	2649	2726
41	4	10	118	1/2	2751	2542
41	4	71	13	1-0	2812	2700
41	5	3	2	1/2	2610	2784
41	5	118	71	0-1	2542	2812
41	5	81	18	1/2	2597	2714
41	5	13	11	1-0	2700	2636
41	5	6	5	1/2	2726	2713
41	5	55	10	1/2	2609	2751
41	5	117	4	0-1	2595	2649
41	6	81	13	1-0	2597	2700
41	6	11	118	1-0	2636	2542
41	6	4	3	1/2	2649	2610
41	6	5	117	1-0	2713	2595
41	6	10	6	1-0	2751	2726
41	6	71	55	1-0	2812	2609
41	6	18	2	1/2	2714	2784
41	7	55	11	1/2	2609	2636
41	7	118	81	1/2	2542	2597
41	7	3	5	1/2	2610	2713
41	7	6	71	0-1	2726	2812
41	7	13	18	1/2	2700	2714
41	7	2	4	1-0	2784	2649
41	7	117	10	1/2	2595	2751
41	8	13	118	1-0	2700	2542
41	8	18	4	0-1	2714	2649
41	8	71	117	1-0	2812	2595
41	8	10	3	1/2	2751	2610
41	8	11	6	1/2	2636	2726
41	8	81	55	1/2	2597	2609
41	8	5	2	1/2	2710	2780
41	9	117	11	1-0	2595	2636
41	9	55	13	1-0	2609	2700
41	9	2	10	1/2	2784	2751
41	9	118	18	0-1	2542	2714
41	9	6	81	1-0	2725	2595
41	9	3	71	1-0	2610	2812
41	9	4	5	1/2	2649	2713
41	10	10	4	1-0	2751	2649
41	10	71	2	1/2	2812	2784
41	10	18	5	1/2	2714	2713
41	10	118	55	1/2	2542	2609
41	10	13	6	1/2	2700	2726
41	10	11	3	0-1	2636	2610
41	10	81	117	1/2	2595	2595
41	11	6	118	1-0	2726	2542
41	11	2	11	1-0	2784	2636
41	11	5	10	1/2	2713	2751
41	11	3	81	1-0	2610	2597
41	11	55	18	1-0	2609	2714
41	11	4	71	1/2	2649	2812
41	11	117	13	1/2	2595	2700
41	12	118	117	1/2	2542	2595
41	12	81	2	1/2	2597	2784
41	12	18	10	1/2	2714	2751
41	12	71	5	1-0	2812	2713
41	12	13	3	1/2	2700	2610
41	12	55	6	1/2	2609	2726
41	12	11	4	0-1	2636	2649
41	13	4	81	1-0	2649	2597
41	13	2	13	1-0	2784	2700
41	13	6	18	1/2	2726	2714
41	13	5	11	1/2	2713	2636
41	13	3	118	1/2	2610	2542
41	13	117	55	1/2	2595	2609
41	13	10	71	1/2	2751	2812
42	1	119	66	1/2	2580	2735
42	1	4	2	1/2	2635	2770
42	1	6	13	1/2	2710	2740
42	1	10	55	1-0	2790	2575
42	1	14	120	1-0	2670	2550
42	1	11	79	1/2	2605	2680
42	2	52	6	1-0	2670	2710
42	2	13	4	1/2	2740	2635
42	2	55	79	1/2	2575	2680
42	2	10	119	1-0	2790	2580
42	2	120	17	1/2	2555	2675
42	2	66	14	1/2	2735	2670
42	2	2	11	1-0	2770	2605
42	3	4	52	1/2	2635	2670
42	3	6	120	1/2	2710	2555
42	3	119	55	1-0	2580	2575
42	3	17	66	1/2	2675	2735
42	3	79	2	0-1	2680	2770
42	4	10	17	1-0	2790	2675
42	4	119	14	0-1	2580	2670
42	4	13	79	1-0	2740	2680
42	4	55	2	1/2	2575	2770
42	4	52	11	1/2	2670	2605
42	4	120	4	0-1	2550	2635
42	5	4	66	1/2	2635	2735
42	5	11	120	0-1	2605	2555
42	5	79	52	1/2	2680	2670
42	5	14	55	1/2	2670	2575
42	5	2	13	1-0	2770	2740
42	6	120	79	1-0	2550	2680
42	6	119	6	1/2	2580	2710
42	6	66	11	1/2	2735	2605
42	6	14	17	1/2	2670	2675
42	6	55	13	1-0	2575	2740
42	6	52	2	1-0	2670	2770
42	7	79	66	1-0	2680	2735
42	7	11	10	1-0	2605	2790
42	7	6	14	1-0	2710	2670
42	7	4	119	1/2	2635	2580
42	7	13	52	1/2	2740	2670
42	7	2	120	1-0	2770	2550
42	7	17	55	1/2	2675	2575
42	8	120	13	1/2	2550	2740
42	8	55	52	1/2	2575	2670
42	8	66	2	1/2	2735	2770
42	8	10	79	1/2	2790	2680
42	8	17	6	1/2	2675	2710
42	8	14	4	0-1	2670	2635
42	8	119	11	1/2	2580	2605
42	9	13	66	1-0	2740	2735
42	9	79	119	1/2	2680	2580
42	9	11	14	0-1	2605	2670
42	9	6	55	1-0	2710	2575
42	10	17	11	1/2	2675	2605
42	10	55	120	1-0	2575	2550
42	10	6	4	1-0	2710	2635
42	10	10	13	1/2	2790	2740
42	10	66	52	1-0	2735	2670
42	10	14	79	1-0	2670	2680
42	10	119	2	0-1	2580	2770
42	11	120	66	0-1	2550	2735
42	11	4	55	1/2	2635	2575
42	11	79	17	1-0	2680	2675
42	11	13	119	1/2	2740	2580
42	11	11	6	1/2	2605	2710
42	11	52	10	0-1	2670	2790
42	11	2	14	1/2	2770	2670
42	12	55	66	1/2	2575	2735
42	12	119	52	1/2	2580	2670
42	12	4	11	1/2	2635	2605
42	12	14	13	1-0	2670	2740
42	12	6	79	0-1	2710	2680
42	12	17	2	1/2	2675	2770
42	12	10	120	1-0	2790	2550
42	13	120	119	1/2	2550	2580
42	13	11	55	0-1	2605	2575
42	13	13	17	1/2	2740	2675
42	13	66	10	1/2	2735	2790
42	13	2	6	1/2	2770	2710
42	13	79	4	0-1	2680	2635
42	13	52	14	1/2	2670	2670
42	1	17	52	1-0	2675	2670
42	3	14	10	0-1	2670	2790
42	3	11	13	0-1	2605	2740
42	4	66	6	1/2	2735	2710
42	5	17	119	1-0	2675	2580
42	5	6	10	1-0	2710	2790
42	6	10	4	1/2	2790	2635
42	9	52	120	1-0	2670	2550
42	9	2	10	1/2	2770	2790
42	9	4	17	1/2	2635	2675
43	1	52	9	1/2	2658	2660
43	1	6	116	0-1	2751	2560
43	2	6	52	1-0	2751	2658
43	2	116	9	0-1	2560	2660
43	3	9	6	0-1	2660	2751
43	3	52	116	1-0	2658	2560
43	4	116	6	1/2	2560	2751
43	4	9	52	0-1	2660	2658
43	5	52	6	1/2	2658	2751
43	5	9	116	1/2	2660	2560
43	6	6	9	1-0	2751	2660
43	6	116	52	1/2	2560	2658
44	1	25	53	1-0	2715	2710
44	1	5	7	1/2	2735	2683
44	1	26	122	1-0	2704	2635
44	1	38	43	1/2	2650	2652
44	2	121	25	1/2	2670	2715
44	2	53	26	1-0	2710	2704
44	2	7	38	1-0	2683	2650
44	2	122	5	1/2	2635	2735
44	3	5	53	1/2	2735	2710
44	3	38	122	1-0	2650	2635
44	3	26	121	1/2	2704	2670
44	3	43	7	1/2	2652	2683
44	4	25	26	1/2	2715	2704
44	4	122	43	0-1	2635	2652
44	4	121	5	1/2	2670	2735
44	4	53	38	1-0	2710	2650
44	5	43	53	1/2	2652	2710
44	5	5	25	1/2	2735	2715
44	5	7	122	1-0	2683	2635
44	5	38	121	1/2	2650	2670
44	6	25	38	1/2	2715	2650
44	6	53	7	1/2	2710	2683
44	6	26	5	1/2	2704	2735
44	6	121	43	1/2	2670	2652
44	7	7	121	1-0	2683	2670
44	7	122	53	0-1	2635	2710
44	7	38	26	1/2	2650	2704
44	7	43	25	0-1	2652	2715
44	8	26	43	1-0	2704	2652
44	8	25	7	1-0	2715	2683
44	8	5	38	1-0	2735	2650
44	8	121	122	1/2	2670	2635
44	9	122	25	1/2	2635	2715
44	9	7	26	1/2	2683	2704
44	9	43	5	1/2	2652	2735
44	9	53	121	1/2	2710	2670
45	1	51	123	1-0	2728	2662
45	1	47	49	0-1	2583	2675
45	1	124	37	0-1	2667	2731
45	2	49	37	1-0	2675	2731
45	2	123	124	1/2	2662	2667
45	2	47	51	0-1	2583	2728
45	3	124	47	1/2	2667	2583
45	3	51	49	1/2	2728	2675
45	3	37	123	1-0	2731	2662
45	4	124	49	1/2	2667	2675
45	4	37	51	1-0	2731	2728
45	4	123	47	1/2	2662	2583
45	5	47	37	0-1	2583	2731
45	5	51	124	1-0	2728	2667
45	5	49	123	0-1	2675	2662
45	6	123	51	1/2	2662	2728
45	6	49	47	1/2	2675	2583
45	6	37	124	1-0	2731	2667
45	7	37	49	0-1	2731	2675
45	7	51	47	1/2	2728	2583
45	7	124	123	1/2	2667	2662
45	8	47	124	1-0	2583	2667
45	8	123	37	0-1	2662	2731
45	8	49	51	1/2	2675	2728
45	9	37	47	1-0	2731	2583
45	9	123	49	1-0	2662	2675
45	9	124	51	1/2	2667	2728
45	10	51	37	1/2	2728	2731
45	10	47	123	1-0	2583	2662
45	10	49	124	1-0	2675	2667
46	1	111	6	0-1	2657	2720
46	1	30	60	1/2	2620	2585
46	1	125	37	1/2	2630	2747
46	1	40	126	1/2	2671	2596
46	2	126	37	0-1	2596	2747
46	2	40	30	1-0	2671	2620
44	1	121	45	1/2	2670	2661
44	3	25	45	1/2	2715	2661
44	5	26	45	1-0	2704	2661
46	2	60	111	1-0	2585	2657
46	2	6	125	0-1	2720	2630
46	3	125	60	0-1	2630	2585
46	3	30	126	1-0	2620	2596
46	3	37	6	1-0	2747	2720
46	3	111	40	0-1	2657	2671
46	4	30	111	1/2	2620	2657
46	4	40	125	1-0	2671	2630
46	4	126	6	0-1	2596	2720
46	4	60	37	0-1	2585	2747
46	5	6	60	1-0	2720	2585
46	5	37	40	1/2	2747	2671
46	5	125	30	1/2	2630	2620
46	5	111	126	0-1	2657	2596
46	6	126	60	0-1	2596	2585
46	6	40	6	1/2	2671	2720
46	6	30	37	0-1	2620	2747
46	6	111	125	1/2	2657	2630
46	7	60	40	1/2	2585	2671
46	7	37	111	1-0	2747	2657
46	7	125	126	1/2	2630	2596
46	7	6	30	1-0	2720	2620
47	1	10	17	1/2	2740	2700
47	1	6	55	0-1	2690	2640
47	2	82	6	1-0	2655	2690
47	2	55	10	0-1	2640	2740
47	2	17	2	1/2	2700	2765
47	2	26	71	1/2	2650	2795
47	3	10	82	1/2	2740	2655
47	3	71	17	1/2	2795	2700
47	3	18	26	0-1	2740	2650
47	3	6	13	1-0	2690	2725
47	3	2	55	1/2	2765	2640
47	4	82	2	1-0	2655	2765
47	4	26	17	1/2	2650	2700
47	4	14	6	1-0	2665	2690
47	5	10	14	1/2	2740	2665
47	5	17	55	1/2	2700	2640
47	5	52	26	1-0	2645	2650
47	5	6	18	0-1	2690	2740
47	5	2	13	1/2	2765	2725
47	6	13	71	0-1	2725	2795
47	6	52	6	1/2	2645	2690
47	7	6	26	1/2	2690	2650
47	7	2	18	1/2	2765	2740
47	7	55	82	1/2	2640	2655
47	8	26	82	1/2	2650	2655
47	8	14	17	1-0	2665	2700
47	8	52	2	0-1	2645	2765
47	8	13	55	1-0	2725	2640
47	9	82	13	0-1	2655	2725
47	9	10	26	1-0	2740	2650
47	9	55	14	1/2	2640	2665
47	10	10	2	1/2	2740	2765
47	10	6	71	0-1	2690	2795
47	10	14	82	1/2	2665	2655
47	11	2	26	1-0	2765	2650
47	11	13	14	1/2	2725	2665
47	11	82	18	1/2	2655	2740
47	10	52	17	1/2	2645	2700
47	1	2	71	0-1	2765	2795
47	1	18	13	0-1	2740	2725
47	1	52	82	1-0	2645	2655
47	1	14	26	1-0	2665	2650
47	2	13	52	1/2	2725	2645
47	2	14	18	1/2	2665	2740
47	3	52	14	1/2	2645	2665
47	4	55	71	1/2	2640	2795
47	4	13	10	0-1	2725	2740
47	4	18	52	0-1	2740	2645
47	5	71	82	1-0	2795	2655
47	6	82	17	0-1	2655	2700
47	6	18	10	0-1	2740	2740
47	6	26	55	1-0	2650	2640
47	6	14	2	1/2	2665	2765
47	7	71	14	1-0	2795	2665
47	7	10	52	1-0	2740	2645
47	7	17	13	0-1	2700	2725
47	8	6	10	1/2	2690	2740
47	8	18	71	1-0	2740	2795
47	9	71	52	1-0	2795	2645
47	9	17	18	1/2	2700	2740
47	9	2	6	1/2	2765	2690
47	10	26	13	0-1	2650	2725
47	10	18	55	1-0	2740	2640
47	11	17	6	1/2	2700	2690
47	11	71	10	1-0	2795	2740
47	11	55	52	0-1	2640	2645
48	1	12	73	1-0	2665	2690
48	2	13	71	1/2	2725	2795
48	2	73	17	1-0	2690	2700
48	3	10	73	1-0	2740	2690
48	4	71	73	1-0	2795	2690
48	4	17	10	1/2	2700	2740
48	4	13	12	1-0	2725	2665
48	5	73	13	0-1	2690	2725
48	6	73	12	1/2	2690	2665
48	7	17	73	0-1	2700	2690
48	7	10	12	1/2	2740	2665
48	7	71	13	1/2	2795	2725
48	8	73	10	1-0	2690	2740
48	9	13	73	0-1	2725	2690
48	9	17	12	1/2	2700	2665
48	10	73	71	1/2	2690	2795
48	10	12	13	1/2	2665	2725
48	6	17	71	0-1	2700	2795
48	1	71	17	1-0	2795	2700
48	1	10	13	1-0	2740	2725
48	2	12	10	1/2	2665	2740
48	3	17	13	1-0	2700	2725
48	3	71	12	1-0	2795	2665
48	5	10	71	1-0	2740	2795
48	5	12	17	1/2	2665	2700
48	6	13	10	1/2	2725	2740
48	8	12	71	1/2	2665	2795
48	8	13	17	0-1	2725	2700
48	9	71	10	1/2	2795	2740
48	10	10	17	1/2	2740	2700
49	1	21	55	1-0	2665	2640
49	1	6	52	1-0	2690	2645
49	1	9	30	1/2	2655	2635
49	1	79	13	1/2	2665	2725
49	2	13	73	1-0	2725	2690
49	2	97	6	0-1	2505	2690
49	2	21	9	1/2	2665	2655
49	3	79	21	1-0	2665	2665
49	3	6	13	0-1	2690	2725
49	3	9	55	1-0	2655	2640
49	4	9	79	1-0	2655	2665
49	4	30	6	1/2	2635	2690
49	4	13	52	1-0	2725	2645
49	5	97	13	1/2	2505	2725
49	5	73	9	1-0	2690	2655
49	6	21	52	1/2	2665	2645
49	6	79	73	1/2	2665	2690
49	6	9	6	1/2	2655	2690
49	7	97	21	0-1	2505	2665
49	7	73	55	1-0	2690	2640
49	8	73	6	0-1	2690	2690
49	8	79	52	0-1	2665	2645
49	8	55	30	1-0	2640	2635
49	9	30	21	1/2	2635	2665
49	9	6	55	1-0	2690	2640
49	9	13	9	1/2	2725	2655
49	1	73	97	1-0	2690	2505
49	2	55	52	0-1	2640	2645
49	2	30	79	1/2	2635	2665
49	3	73	30	1/2	2690	2635
49	3	52	97	1-0	2645	2505
49	4	21	73	1-0	2665	2690
49	4	55	97	1-0	2640	2505
49	5	79	55	1/2	2665	2640
49	5	6	21	1/2	2690	2665
49	5	52	30	0-1	2645	2635
49	6	30	97	1/2	2635	2505
49	6	55	13	0-1	2640	2725
49	7	6	79	1-0	2690	2665
49	7	13	30	1/2	2725	2635
49	7	52	9	1/2	2645	2655
49	8	9	97	1-0	2655	2505
49	8	21	13	1/2	2665	2725
49	9	97	79	1/2	2505	2665
49	9	52	73	1/2	2645	2690
50	1	17	16	1-0	2703	2687
50	1	26	31	1/2	2683	2688
50	1	4	55	1/2	2605	2659
50	1	1	11	1-0	2713	2697
50	1	12	14	1/2	2707	2742
50	1	53	117	1-0	2671	2695
50	1	127	37	1/2	2641	2742
50	2	37	31	1/2	2742	2688
50	2	14	53	1-0	2742	2671
50	2	16	26	1/2	2687	2683
50	2	55	12	1/2	2659	2707
50	2	11	4	0-1	2697	2605
50	2	127	1	1/2	2641	2713
50	2	117	17	1/2	2695	2703
50	3	4	127	1/2	2605	2641
50	3	1	37	1/2	2713	2742
50	3	53	55	1-0	2671	2659
50	3	17	14	0-1	2703	2742
50	3	12	11	1-0	2707	2697
50	3	26	117	0-1	2683	2695
50	3	31	16	1/2	2688	2687
50	4	11	53	0-1	2697	2671
50	4	37	16	1-0	2742	2687
50	4	127	12	1/2	2641	2707
50	4	1	4	1/2	2713	2605
50	4	14	26	1/2	2742	2683
50	4	117	31	0-1	2695	2688
50	4	55	17	1-0	2659	2703
50	5	26	55	1-0	2683	2659
50	5	16	117	1-0	2687	2695
50	5	4	37	1/2	2605	2742
50	5	53	127	1/2	2671	2641
50	5	31	14	1/2	2688	2742
50	5	17	11	1/2	2703	2697
50	5	12	1	1-0	2707	2713
50	6	11	26	1/2	2697	2683
50	6	14	16	1/2	2742	2687
50	6	37	117	1-0	2742	2695
50	6	4	12	0-1	2605	2707
50	6	55	31	1/2	2659	2688
50	6	1	53	1-0	2713	2671
50	6	127	17	0-1	2641	2703
50	7	26	127	1/2	2683	2641
50	7	17	1	1/2	2703	2713
50	7	53	4	1-0	2671	2605
50	7	12	37	1/2	2707	2742
50	7	117	14	1/2	2695	2742
50	7	16	55	1/2	2687	2659
50	7	31	11	1-0	2688	2697
50	8	1	26	1/2	2713	2683
50	8	55	117	1/2	2659	2695
50	8	12	53	1/2	2707	2671
50	8	11	16	1/2	2697	2687
50	8	4	17	1-0	2605	2703
50	8	127	31	1/2	2641	2688
50	8	37	14	1/2	2742	2742
50	9	17	12	1/2	2703	2707
50	9	26	4	1/2	2683	2605
50	9	53	37	1-0	2671	2742
50	9	31	1	1/2	2688	2713
50	9	117	11	1-0	2695	2697
50	9	14	55	1/2	2742	2659
50	9	16	127	1/2	2687	2641
50	10	11	14	1/2	2697	2742
50	10	127	117	1-0	2641	2695
50	10	4	31	1/2	2605	2688
50	10	1	16	1/2	2713	2687
50	10	53	17	1/2	2671	2703
50	10	12	26	1-0	2707	2683
50	10	37	55	1-0	2742	2659
50	11	17	37	1/2	2703	2742
50	11	16	4	1-0	2687	2605
50	11	55	11	1/2	2659	2697
50	11	31	12	1-0	2688	2707
50	11	117	1	1/2	2695	2713
50	11	26	53	1/2	2683	2671
50	11	14	127	1-0	2742	2641
50	12	12	16	1-0	2707	2687
50	12	127	55	0-1	2641	2659
50	12	37	11	1-0	2742	2697
50	12	4	117	1/2	2605	2695
50	12	53	31	1-0	2671	2688
50	12	1	14	1/2	2713	2742
50	12	17	26	1/2	2703	2683
50	13	31	17	1/2	2688	2703
50	13	55	1	1/2	2659	2713
50	13	117	12	0-1	2695	2707
50	13	26	37	1/2	2683	2742
50	13	14	4	1/2	2742	2605
50	13	16	53	1/2	2687	2671
50	13	11	127	1/2	2697	2641
51	1	6	2	0-1	2710	2770
51	1	10	18	1/2	2790	2740
51	2	18	6	0-1	2740	2710
51	2	13	10	0-1	2740	2790
51	3	6	13	1-0	2710	2740
51	3	71	2	1-0	2825	2770
51	3	5	18	1-0	2690	2740
51	4	10	6	1/2	2790	2710
51	5	2	18	1/2	2770	2740
51	5	5	10	1/2	2690	2790
51	5	71	13	1/2	2825	2740
51	6	13	2	1/2	2740	2770
51	6	6	5	1-0	2710	2690
51	7	71	6	1/2	2825	2710
51	7	18	13	0-1	2740	2740
51	7	2	10	1/2	2770	2790
51	8	2	6	1/2	2770	2710
51	8	71	5	1/2	2825	2690
51	10	13	6	0-1	2740	2710
51	10	2	71	1/2	2770	2825
51	10	18	5	1-0	2740	2690
51	11	6	10	1-0	2710	2790
51	11	5	13	1-0	2690	2740
51	12	10	5	1-0	2790	2690
51	12	18	2	0-1	2740	2770
51	13	71	10	1/2	2825	2790
51	14	13	18	1/2	2740	2740
51	14	10	2	1/2	2790	2770
51	14	6	71	1/2	2710	2825
51	1	5	71	1/2	2690	2825
51	2	2	5	1-0	2770	2690
51	4	18	71	1/2	2740	2825
51	4	13	5	1/2	2740	2690
51	6	10	71	1/2	2790	2825
51	8	18	10	1/2	2740	2790
51	9	10	13	1/2	2790	2740
51	9	6	18	0-1	2710	2740
51	9	5	2	1/2	2690	2770
51	11	71	18	1/2	2825	2740
51	12	13	71	1/2	2740	2825
51	13	2	13	1-0	2770	2740
51	13	5	6	1-0	2690	2710
52	1	37	11	1/2	2741	2679
52	1	3	1	1/2	2685	2749
52	1	52	5	1-0	2728	2735
52	1	13	57	1-0	2757	2700
52	1	124	10	1/2	2652	2754
52	1	53	2	1/2	2710	2786
52	1	73	14	1/2	2674	2741
52	2	5	3	1/2	2735	2685
52	2	11	124	1/2	2679	2652
52	2	14	37	1-0	2741	2741
52	2	53	73	1/2	2710	2674
52	2	10	13	0-1	2754	2757
52	2	2	1	0-1	2786	2749
52	2	57	52	1-0	2700	2728
52	3	1	5	1-0	2749	2735
52	3	124	14	1/2	2652	2741
52	3	52	10	1/2	2728	2754
52	3	73	2	1/2	2674	2786
52	3	37	53	0-1	2741	2710
52	3	13	11	1/2	2757	2679
52	3	3	57	0-1	2685	2700
52	4	11	52	1/2	2679	2728
52	4	73	37	1-0	2674	2741
52	4	53	124	1/2	2710	2652
52	4	14	13	1-0	2741	2757
52	4	10	3	1-0	2754	2685
52	4	57	1	1/2	2700	2749
52	4	2	5	1/2	2786	2735
52	5	3	11	1/2	2685	2679
52	5	13	53	1/2	2757	2710
52	5	124	73	1-0	2652	2674
52	5	5	57	1/2	2735	2700
52	5	37	2	0-1	2741	2786
52	5	52	14	1/2	2728	2741
52	5	1	10	1/2	2749	2754
52	6	2	57	1-0	2786	2700
52	6	73	13	0-1	2674	2757
52	6	11	1	1/2	2679	2749
52	6	37	124	0-1	2741	2652
52	6	14	3	1/2	2741	2685
52	6	53	52	1/2	2710	2728
52	6	10	5	1-0	2754	2735
52	7	52	73	1/2	2728	2674
52	7	57	10	1/2	2700	2754
52	7	3	53	1/2	2685	2710
52	7	124	2	0-1	2652	2786
52	7	1	14	1/2	2749	2741
52	7	5	11	1-0	2735	2679
52	7	13	37	1/2	2757	2741
52	8	37	52	1-0	2741	2728
52	8	2	10	1/2	2786	2754
52	8	14	5	1/2	2741	2735
52	8	73	3	1-0	2674	2685
52	8	124	13	0-1	2652	2757
52	8	11	57	1/2	2679	2700
52	8	53	1	1/2	2710	2749
52	9	1	73	1-0	2749	2674
52	9	3	37	0-1	2685	2741
52	9	13	2	1/2	2757	2786
52	9	57	14	1/2	2700	2741
52	9	10	11	1/2	2754	2679
52	9	52	124	1/2	2728	2652
52	9	5	53	1-0	2735	2710
52	10	124	3	1-0	2652	2685
52	10	13	52	0-1	2757	2728
52	10	14	10	1/2	2741	2754
52	10	73	5	1/2	2674	2735
52	10	2	11	1/2	2786	2679
52	10	53	57	1-0	2710	2700
52	10	37	1	1/2	2741	2749
52	11	10	53	1/2	2754	2710
52	11	5	37	1/2	2735	2741
52	11	3	13	1/2	2685	2757
52	11	52	2	1/2	2728	2786
52	11	1	124	1-0	2749	2652
52	11	57	73	1/2	2700	2674
52	11	11	14	1/2	2679	2741
52	12	124	5	1/2	2652	2735
52	12	52	3	1-0	2728	2685
52	12	37	57	0-1	2741	2700
52	12	2	14	1-0	2786	2741
52	12	13	1	1/2	2757	2749
52	12	73	10	1/2	2674	2754
52	12	53	11	1/2	2710	2679
52	13	57	124	1/2	2700	2652
52	13	3	2	1/2	2685	2786
52	13	11	73	1-0	2679	2674
52	13	5	13	1/2	2735	2757
52	13	14	53	1/2	2741	2710
52	13	1	52	1/2	2749	2728
52	13	10	37	1/2	2754	2741
53	1	58	18	0-1	2752	2729
53	1	70	25	1/2	2709	2717
53	1	32	14	1/2	2669	2707
53	1	33	2	0-1	2660	2792
53	1	13	76	1-0	2801	2686
53	1	11	3	1/2	2647	2689
53	1	17	1	1/2	2723	2740
53	2	11	70	1/2	2647	2709
53	2	1	33	1/2	2740	2660
53	2	2	58	1/2	2792	2752
53	2	14	13	1-0	2707	2801
53	2	25	32	1-0	2717	2669
53	2	3	18	0-1	2689	2729
53	2	76	17	1-0	2686	2723
53	3	70	3	1/2	2709	2689
53	3	17	14	1-0	2723	2707
53	3	32	11	1/2	2669	2647
53	3	58	1	1/2	2752	2740
53	3	33	76	1-0	2660	2686
53	3	18	2	0-1	2729	2792
53	3	13	25	1-0	2801	2717
53	4	1	18	1/2	2740	2729
53	4	25	17	0-1	2717	2723
53	4	76	58	0-1	2686	2752
53	4	3	2	1/2	2689	2792
53	4	70	32	1/2	2709	2669
53	4	11	13	0-1	2647	2801
53	4	14	33	1/2	2707	2660
53	5	33	25	1-0	2660	2717
53	5	17	11	1/2	2723	2647
53	5	13	70	1/2	2801	2709
53	5	2	1	1-0	2792	2740
53	5	18	76	1-0	2729	2686
53	5	58	14	1/2	2752	2707
53	5	32	3	1/2	2669	2689
53	6	70	17	1/2	2709	2723
53	6	14	18	1-0	2707	2729
53	6	32	13	1/2	2669	2801
53	6	25	58	1/2	2717	2752
53	6	76	2	1-0	2686	2792
53	6	3	1	1/2	2689	2740
53	6	11	33	1/2	2647	2660
53	7	17	32	1/2	2723	2669
53	7	58	11	0-1	2752	2647
53	7	1	76	1-0	2740	2686
53	7	33	70	1-0	2660	2709
53	7	18	25	1/2	2729	2717
53	7	2	14	1/2	2792	2707
53	7	13	3	1-0	2801	2689
53	8	11	18	1/2	2647	2729
53	8	13	17	1/2	2801	2723
53	8	70	58	0-1	2709	2752
53	8	3	76	1/2	2689	2686
53	8	32	33	1/2	2669	2660
53	8	14	1	1/2	2707	2740
53	8	25	2	0-1	2717	2792
53	9	58	32	1/2	2752	2669
53	9	2	11	1-0	2792	2647
53	9	1	25	1/2	2740	2717
53	9	33	13	0-1	2660	2801
53	9	17	3	1-0	2723	2689
53	9	18	70	1/2	2729	2709
53	9	76	14	0-1	2686	2707
53	10	32	18	1/2	2669	2729
53	10	25	76	1-0	2717	2686
53	10	3	14	1/2	2689	2707
53	10	11	1	1-0	2647	2740
53	10	70	2	1/2	2709	2792
53	10	17	33	1/2	2723	2660
53	10	13	58	1-0	2801	2752
53	11	33	3	1-0	2660	2689
53	11	1	70	1-0	2740	2709
53	11	76	11	1-0	2686	2647
53	11	14	25	1/2	2707	2717
53	11	18	13	1/2	2729	2801
53	11	2	32	1/2	2792	2669
53	11	58	17	1/2	2752	2723
53	12	3	25	1/2	2689	2717
53	12	32	1	1/2	2669	2740
53	12	11	14	1/2	2647	2707
53	12	13	2	1/2	2801	2792
53	12	17	18	1/2	2723	2729
53	12	33	58	1/2	2660	2752
53	12	70	76	0-1	2709	2686
53	13	2	17	1-0	2792	2723
53	13	25	11	1/2	2717	2647
53	13	76	32	0-1	2686	2669
53	13	58	3	1-0	2752	2689
53	13	1	13	1/2	2740	2801
53	13	18	33	1-0	2729	2660
53	13	14	70	1/2	2707	2709
54	1	21	1	1/2	2690	2670
54	1	10	2	1/2	2790	2770
54	1	14	18	1/2	2670	2740
54	1	5	87	1-0	2690	2630
54	1	6	74	1/2	2710	2630
54	2	2	74	1/2	2770	2630
54	2	18	6	1-0	2740	2710
54	2	10	5	1-0	2790	2690
54	2	1	14	1/2	2670	2670
54	2	87	21	1-0	2630	2690
54	3	14	87	1-0	2670	2630
54	3	6	1	0-1	2710	2670
54	3	5	2	1/2	2690	2770
54	3	21	10	1/2	2690	2790
54	3	74	18	1/2	2630	2740
54	4	2	18	1/2	2770	2740
54	4	87	6	1/2	2630	2710
54	4	1	74	1-0	2670	2630
54	4	5	21	1/2	2690	2690
54	4	10	14	1/2	2790	2670
54	5	21	2	1/2	2690	2770
54	5	14	5	1/2	2670	2690
54	5	18	1	1/2	2740	2670
54	5	74	87	1/2	2630	2630
54	5	6	10	0-1	2710	2790
54	6	5	6	1-0	2690	2710
54	6	87	18	1/2	2630	2740
54	6	2	1	1/2	2770	2670
54	6	10	74	1-0	2790	2630
54	7	14	2	1-0	2670	2770
54	7	74	5	1/2	2630	2690
54	7	18	10	1/2	2740	2790
54	7	1	87	1/2	2670	2630
54	8	10	1	1/2	2790	2670
54	8	5	18	1-0	2690	2740
54	8	2	87	1/2	2770	2630
54	8	14	6	1/2	2670	2710
54	8	21	74	0-1	2690	2630
54	9	1	5	0-1	2670	2690
54	9	74	14	1/2	2630	2670
54	9	87	10	1/2	2630	2790
54	9	6	2	1/2	2710	2770
54	9	18	21	1/2	2740	2690
54	6	21	14	0-1	2670	2670
54	7	6	21	1/2	2690	2690
55	1	1	106	1-0	2665	2525
55	1	38	92	1-0	2685	2490
55	1	18	6	1-0	2730	2720
55	1	65	66	1-0	2655	2725
55	1	128	17	1/2	2650	2675
55	2	106	38	0-1	2525	2685
55	2	128	1	1/2	2650	2665
55	2	6	65	1-0	2720	2655
55	2	17	66	1/2	2675	2725
55	2	92	18	1/2	2490	2730
55	3	66	6	1/2	2725	2720
55	3	65	92	0-1	2655	2490
55	3	1	17	1/2	2665	2675
55	3	38	128	1/2	2685	2650
55	3	18	106	1-0	2730	2525
55	4	1	38	1/2	2665	2685
55	4	106	65	1/2	2525	2655
55	4	17	6	1-0	2675	2720
55	4	128	18	1/2	2650	2730
55	4	92	66	0-1	2490	2725
55	5	38	17	0-1	2685	2675
55	5	6	92	1/2	2720	2490
55	5	66	106	1/2	2725	2525
55	5	18	1	1/2	2730	2665
55	5	65	128	1-0	2655	2650
55	6	128	66	1/2	2650	2725
55	6	38	18	1/2	2685	2730
55	6	106	6	0-1	2525	2720
55	6	1	65	1/2	2665	2655
55	6	17	92	1-0	2675	2490
55	7	66	1	1/2	2725	2665
55	7	65	38	1/2	2655	2685
55	7	18	17	1/2	2730	2675
55	7	92	106	1-0	2490	2525
55	7	6	128	1-0	2720	2650
55	8	38	66	1-0	2685	2725
55	8	1	6	1/2	2665	2720
55	8	18	65	0-1	2730	2655
55	8	17	106	1-0	2675	2525
55	8	128	92	1/2	2650	2490
55	9	6	38	1-0	2720	2685
55	9	92	1	1/2	2490	2665
55	9	66	18	1/2	2725	2730
55	9	106	128	1/2	2525	2650
55	9	65	17	1/2	2655	2675
56	1	129	130	1-0	2552	2218
56	1	131	132	0-1	2212	2550
56	1	133	134	1-0	2570	2233
56	1	135	136	1-0	2599	2246
56	1	137	138	1-0	2236	2594
56	6	139	140	1-0	2481	2303
56	6	141	133	0-1	2340	2570
56	6	142	143	0-1	2502	2471
56	6	144	129	0-1	2464	2552
56	6	132	135	1/2	2550	2599
56	7	143	133	1/2	2471	2570
56	7	145	132	1-0	2402	2550
56	7	103	146	1/2	2472	2396
56	7	129	139	1/2	2552	2481
56	7	135	147	1/2	2599	2385
56	2	138	148	1/2	2594	2501
56	2	149	133	0-1	2288	2570
56	2	132	150	1-0	2550	2295
56	2	151	135	0-1	2298	2599
56	2	152	129	0-1	2272	2552
56	3	137	153	1-0	2236	2172
56	3	129	154	1-0	2552	2388
56	3	135	148	1-0	2599	2420
56	3	155	132	1/2	2434	2550
56	3	133	146	1/2	2570	2396
56	8	146	135	1/2	2396	2599
56	8	147	156	1-0	2385	2509
56	8	139	129	0-1	2481	2552
56	8	133	143	1/2	2570	2471
56	8	155	148	0-1	2434	2501
56	9	146	133	0-1	2396	2439
56	9	135	148	1/2	2599	2501
56	9	129	133	1-0	2552	2570
56	9	143	147	1-0	2471	2385
56	9	103	132	1/2	2472	2550
56	10	157	135	1/2	2515	2599
56	10	133	143	1/2	2439	2471
56	10	148	158	1/2	2501	2422
56	10	147	159	0-1	2385	2536
56	10	133	129	1/2	2570	2552
56	4	138	133	0-1	2594	2570
56	4	142	135	1/2	2502	2599
56	4	132	143	1/2	2550	2471
56	4	139	137	1/2	2481	2236
56	4	103	129	1/2	2472	2552
56	5	133	141	1/2	2570	2340
56	5	140	139	0-1	2303	2481
56	5	135	160	1-0	2599	2362
56	5	129	144	1-0	2552	2464
57	1	1	71	1/2	2745	2849
57	1	53	52	1/2	2663	2676
57	1	6	66	1/2	2718	2679
57	2	1	6	1/2	2745	2718
57	2	66	53	1/2	2679	2663
57	2	71	52	1/2	2849	2676
57	3	6	71	1/2	2718	2849
57	3	52	66	1/2	2676	2679
57	3	53	1	1/2	2663	2745
57	4	66	1	1/2	2679	2745
57	4	53	71	0-1	2663	2849
57	4	52	6	1-0	2676	2718
57	5	71	66	1-0	2849	2679
57	5	1	52	1/2	2745	2676
57	5	6	53	1-0	2718	2663
57	6	66	6	1/2	2679	2718
57	6	71	1	1-0	2849	2745
57	6	52	53	1/2	2676	2663
57	7	6	1	1/2	2718	2745
57	7	52	71	1/2	2676	2849
57	7	53	66	1-0	2663	2679
57	8	1	53	1/2	2745	2663
57	8	66	52	1-0	2679	2676
57	8	71	6	1-0	2849	2718
57	9	53	6	1-0	2663	2718
57	9	52	1	1/2	2676	2745
57	9	66	71	1/2	2679	2849
57	10	6	52	1-0	2718	2676
57	10	1	66	1/2	2745	2679
57	10	71	53	1-0	2849	2663
58	1	42	47	1-0	2666	2597
58	1	37	161	1-0	2743	2643
58	1	25	57	1/2	2712	2722
58	2	161	47	0-1	2643	2597
58	2	57	42	1-0	2722	2666
58	2	37	25	1-0	2743	2712
58	3	25	161	1-0	2712	2643
58	3	42	37	1/2	2666	2743
58	3	47	57	1/2	2597	2722
58	4	47	25	1/2	2597	2712
58	4	57	37	1/2	2722	2743
58	4	42	161	1-0	2666	2643
58	5	161	57	1-0	2643	2722
58	5	25	42	1/2	2712	2666
58	5	37	47	1/2	2743	2597
58	6	47	42	0-1	2597	2666
58	6	161	37	1/2	2643	2743
58	6	57	25	1-0	2722	2712
58	7	47	161	1/2	2597	2643
58	7	42	57	1-0	2666	2722
58	7	25	37	0-1	2712	2743
58	8	57	47	0-1	2722	2597
58	8	37	42	1-0	2743	2666
58	8	161	25	0-1	2643	2712
58	9	42	25	1/2	2666	2712
58	9	57	161	1/2	2722	2643
58	9	47	37	0-1	2597	2743
58	10	25	47	1/2	2712	2597
58	10	161	42	1/2	2643	2666
58	10	37	57	1/2	2743	2722
59	1	1	14	1-0	2730	2744
59	1	37	2	1/2	2749	2794
59	1	13	10	0-1	2711	2802
59	2	2	14	1/2	2794	2744
59	2	10	1	1/2	2802	2730
59	2	37	13	0-1	2749	2711
59	3	14	10	1/2	2744	2802
59	3	1	37	1/2	2730	2749
59	3	13	2	1-0	2711	2794
59	4	10	37	1-0	2802	2749
59	4	1	2	1/2	2730	2794
59	4	14	13	1/2	2744	2711
59	5	13	1	1/2	2711	2730
59	5	37	14	1-0	2749	2744
59	5	2	10	1/2	2794	2802
59	6	10	13	1/2	2802	2711
59	6	2	37	0-1	2794	2749
59	6	14	1	1/2	2744	2730
59	7	13	37	1-0	2711	2749
59	7	14	2	1/2	2744	2794
59	7	1	10	1/2	2730	2802
59	8	10	14	1/2	2802	2744
59	8	37	1	1/2	2749	2730
59	8	2	13	0-1	2794	2711
59	9	1	13	1/2	2730	2711
59	9	10	2	1-0	2802	2794
59	9	14	37	0-1	2744	2749
59	10	37	10	1/2	2749	2802
59	10	2	1	1/2	2794	2730
59	10	13	14	1/2	2711	2744
60	1	148	162	1/2	2451	2511
60	1	143	8	1-0	2525	2657
60	1	42	110	1/2	2569	2502
60	1	132	163	0-1	2567	2517
60	1	164	64	1-0	2547	2411
60	2	8	164	1/2	2657	2547
60	2	110	163	1-0	2502	2517
60	2	42	143	1/2	2569	2525
60	2	64	148	0-1	2411	2451
60	2	162	132	1/2	2511	2567
60	4	8	132	1/2	2657	2567
60	4	42	148	1-0	2569	2451
60	4	64	163	1/2	2411	2517
60	4	143	164	1/2	2525	2547
60	4	110	162	1-0	2502	2511
60	5	132	42	1/2	2567	2569
60	5	163	8	0-1	2517	2657
60	5	162	64	1-0	2511	2411
60	5	148	143	1/2	2451	2525
60	5	164	110	1/2	2547	2502
60	6	143	132	1/2	2525	2567
60	6	42	163	1-0	2569	2517
60	6	110	64	1-0	2502	2411
60	6	164	148	1/2	2547	2451
60	6	8	162	1/2	2657	2511
60	7	162	42	0-1	2511	2569
60	7	163	143	0-1	2517	2525
60	7	148	110	1/2	2451	2502
60	7	132	164	1-0	2567	2547
60	7	64	8	0-1	2411	2657
60	8	164	163	1/2	2547	2517
60	8	143	162	1-0	2525	2511
60	8	148	132	0-1	2451	2567
60	8	42	64	1-0	2569	2411
60	8	110	8	1-0	2502	2657
60	9	163	148	1-0	2517	2451
60	9	8	42	1/2	2657	2569
60	9	64	143	0-1	2411	2525
60	9	132	110	1/2	2567	2502
60	9	162	164	1/2	2511	2547
61	1	13	46	0-1	2772	2693
61	1	14	42	1/2	2734	2690
61	1	70	76	1-0	2757	2705
61	2	42	70	1/2	2690	2757
61	2	13	14	1/2	2772	2734
61	2	46	76	1/2	2693	2705
61	3	70	13	1-0	2757	2772
61	3	14	46	1-0	2734	2693
61	3	76	42	0-1	2705	2690
61	4	42	13	0-1	2690	2772
61	4	76	14	1/2	2705	2734
61	4	70	46	1/2	2757	2693
61	5	46	42	1/2	2693	2690
61	5	14	70	1/2	2734	2757
61	5	13	76	1/2	2772	2705
61	6	42	14	1-0	2690	2734
61	6	76	70	1-0	2705	2757
61	6	46	13	0-1	2693	2772
61	7	14	13	1/2	2734	2772
61	7	76	46	1/2	2705	2693
61	7	70	42	0-1	2757	2690
61	8	42	76	0-1	2690	2705
61	8	46	14	1-0	2693	2734
61	8	13	70	1/2	2772	2757
61	9	42	46	1/2	2690	2693
61	9	76	13	1/2	2705	2772
61	9	70	14	1/2	2757	2734
61	10	13	42	1-0	2772	2690
61	10	46	70	1/2	2693	2757
61	10	14	76	1/2	2734	2705
62	1	47	66	0-1	2465	2745
62	2	17	66	1/2	2695	2745
62	2	165	2	1/2	2635	2765
62	3	66	16	1-0	2745	2660
62	3	2	17	1-0	2765	2695
62	4	16	165	1-0	2660	2635
62	4	66	2	1/2	2745	2765
62	5	165	66	1/2	2635	2745
62	6	66	47	1-0	2745	2465
62	7	66	17	1/2	2745	2695
62	7	47	16	1/2	2465	2660
62	9	16	17	1/2	2660	2695
62	9	47	2	0-1	2465	2765
62	8	16	66	1-0	2660	2745
62	10	17	47	1/2	2695	2465
62	10	165	16	1/2	2635	2660
62	10	2	66	1/2	2765	2745
62	1	165	17	0-1	2635	2695
62	1	2	16	1-0	2765	2660
62	2	16	47	1/2	2660	2465
62	3	47	165	0-1	2465	2635
62	4	47	17	0-1	2465	2695
62	5	2	47	1-0	2765	2465
62	5	17	16	1/2	2695	2660
62	6	16	2	0-1	2660	2765
62	6	17	165	1/2	2695	2635
62	7	2	165	0-1	2765	2635
62	8	17	2	1/2	2695	2765
62	8	165	47	0-1	2635	2465
62	9	66	165	1-0	2745	2635
63	1	105	135	1/2	2545	2626
63	1	166	132	0-1	2535	2560
63	1	28	167	1-0	2658	2486
63	1	103	156	0-1	2471	2476
63	1	24	168	1/2	2626	2541
63	2	28	24	1/2	2658	2626
63	2	132	105	1-0	2560	2545
63	2	167	156	1/2	2486	2476
63	2	135	103	1-0	2626	2471
63	2	168	166	1/2	2541	2535
63	3	105	168	1/2	2545	2541
63	3	156	135	0-1	2476	2626
63	3	103	132	1-0	2471	2560
63	3	24	167	1-0	2626	2486
63	3	166	28	1/2	2535	2658
63	4	132	156	1/2	2560	2476
63	4	168	103	1-0	2541	2471
63	4	24	166	0-1	2626	2535
63	4	28	105	1-0	2658	2545
63	4	167	135	1/2	2486	2626
63	5	135	132	1/2	2626	2560
63	5	156	168	1/2	2476	2541
63	5	166	167	1/2	2535	2486
63	5	105	24	1/2	2545	2626
63	5	103	28	1/2	2471	2658
63	6	24	103	1/2	2626	2471
63	6	28	156	1-0	2658	2476
63	6	168	135	1/2	2541	2626
63	6	167	132	1-0	2486	2560
63	6	166	105	1/2	2535	2545
63	7	105	167	1/2	2545	2486
63	7	132	168	0-1	2560	2541
63	7	156	24	0-1	2476	2626
63	7	103	166	1/2	2471	2535
63	7	135	28	1/2	2626	2658
63	8	28	132	1/2	2658	2560
63	8	24	135	0-1	2626	2626
63	8	105	103	1-0	2545	2471
63	8	166	156	1-0	2535	2476
63	8	167	168	1/2	2486	2541
63	9	135	166	1/2	2626	2535
63	9	132	24	1/2	2560	2626
63	9	168	28	1-0	2541	2658
63	9	103	167	1/2	2471	2486
63	9	156	105	1-0	2476	2545
64	1	42	169	1/2	2670	2455
64	1	24	33	1-0	2620	2527
64	1	143	170	1/2	2525	2545
64	1	171	172	1/2	2527	2521
64	1	161	110	1/2	2546	2551
64	2	33	171	1-0	2527	2527
64	2	110	42	1/2	2551	2670
64	2	143	24	1/2	2525	2620
64	2	172	161	1-0	2521	2546
64	2	170	169	0-1	2545	2455
64	3	171	143	1/2	2527	2525
64	3	169	110	0-1	2455	2551
64	3	24	170	1-0	2620	2545
64	3	42	172	1/2	2670	2521
64	3	161	33	1-0	2546	2527
64	3	164	42	1/2	2547	2569
64	3	148	8	1/2	2451	2657
64	3	132	64	1/2	2567	2411
64	3	143	110	1/2	2525	2502
64	3	163	162	0-1	2517	2511
64	4	172	169	1/2	2521	2455
64	4	143	161	1-0	2525	2546
64	4	33	42	1/2	2527	2670
64	4	24	171	1-0	2620	2527
64	4	170	110	1/2	2545	2551
64	5	110	172	1/2	2551	2521
64	5	161	24	1-0	2546	2620
64	5	171	170	1-0	2527	2545
64	5	169	33	0-1	2455	2527
64	5	42	143	1/2	2670	2525
64	6	33	110	1/2	2527	2551
64	6	24	42	0-1	2620	2670
64	6	171	161	1/2	2527	2546
64	6	143	169	1-0	2525	2455
64	6	170	172	0-1	2545	2521
64	7	42	171	1/2	2670	2527
64	7	161	170	1/2	2546	2545
64	7	172	33	1/2	2521	2527
64	7	169	24	0-1	2455	2620
64	7	110	143	1-0	2551	2525
64	8	161	42	1-0	2546	2670
64	8	171	169	1-0	2527	2455
64	8	170	33	0-1	2545	2527
64	8	143	172	1/2	2525	2521
64	8	24	110	1-0	2620	2551
64	9	169	161	1-0	2455	2546
64	9	33	143	1/2	2527	2525
64	9	42	170	1/2	2670	2545
64	9	110	171	1-0	2551	2527
64	9	172	24	1/2	2521	2620
65	1	99	26	1/2	2544	2680
65	1	157	173	1/2	2548	2546
65	1	64	23	1/2	2399	2597
65	1	174	161	1/2	2527	2438
65	1	3	101	1/2	2637	2604
65	2	161	64	0-1	2438	2399
65	2	23	157	1/2	2597	2548
65	2	101	26	1/2	2604	2680
65	2	173	99	0-1	2546	2544
65	2	3	174	1/2	2637	2527
65	3	26	173	1-0	2680	2546
65	3	174	101	1/2	2527	2604
65	3	99	23	0-1	2544	2597
65	3	64	3	0-1	2399	2637
65	3	157	161	1/2	2548	2438
65	4	101	173	1/2	2604	2546
65	4	161	99	1-0	2438	2544
65	4	3	157	1/2	2637	2548
65	4	174	64	1/2	2527	2399
65	5	64	101	0-1	2399	2604
65	5	26	161	0-1	2680	2438
65	5	157	174	0-1	2548	2527
65	5	173	23	0-1	2546	2597
65	5	99	3	1/2	2544	2637
65	6	3	26	0-1	2637	2680
65	6	64	157	0-1	2399	2548
65	6	161	173	0-1	2438	2546
65	6	174	99	0-1	2527	2544
65	6	101	23	1/2	2604	2597
65	7	157	101	0-1	2548	2604
65	7	26	174	1-0	2680	2527
65	7	23	161	1/2	2597	2438
65	7	99	64	1-0	2544	2399
65	7	173	3	1-0	2546	2637
65	8	3	23	0-1	2637	2597
65	8	101	161	1-0	2604	2438
65	8	64	26	1/2	2399	2680
65	8	174	173	1/2	2527	2546
65	8	157	99	1/2	2548	2544
65	9	173	64	1-0	2546	2399
65	9	99	101	1/2	2544	2604
65	9	161	3	1/2	2438	2637
65	9	23	174	1-0	2597	2527
65	9	26	157	1-0	2680	2548
66	1	161	132	0-1	2455	2575
66	1	102	175	1-0	2450	2645
66	1	176	177	1/2	2620	2490
66	1	178	68	1/2	2505	2615
66	1	179	56	0-1	2505	2665
66	2	56	178	1/2	2665	2485
66	2	132	179	1/2	2575	2505
66	2	102	176	1/2	2450	2620
66	3	161	102	1-0	2455	2450
66	3	179	177	1/2	2505	2490
66	3	176	175	1/2	2620	2645
66	3	178	132	1/2	2505	2575
66	3	68	56	0-1	2615	2665
66	2	175	68	1-0	2645	2615
66	2	177	161	1-0	2490	2455
66	4	175	56	0-1	2645	2665
66	4	132	68	0-1	2575	2615
66	4	102	179	0-1	2450	2505
66	4	176	161	1/2	2620	2455
66	4	177	178	1/2	2490	2485
66	5	161	175	1/2	2455	2645
66	5	68	177	1-0	2615	2490
66	5	178	102	0-1	2485	2450
66	5	56	132	1-0	2665	2575
66	5	179	176	1-0	2505	2620
66	6	177	56	1/2	2490	2665
66	6	175	132	1-0	2645	2575
66	6	102	68	1/2	2450	2615
66	6	161	179	0-1	2455	2505
66	6	176	178	1-0	2620	2485
66	7	132	177	1-0	2575	2490
66	7	179	175	1/2	2505	2645
66	7	178	161	1/2	2505	2455
66	7	68	176	1/2	2615	2620
66	8	102	132	1-0	2450	2575
66	8	176	56	1/2	2620	2665
66	8	179	178	1/2	2505	2505
66	8	175	177	1-0	2645	2490
66	9	56	161	1/2	2665	2455
66	9	177	102	1/2	2490	2450
66	9	68	179	1/2	2615	2505
66	9	132	176	1-0	2575	2620
66	9	178	175	0-1	2505	2645
66	7	56	102	1-0	2665	2450
66	8	161	68	0-1	2455	2615
67	1	70	13	1-0	2728	2813
67	1	52	3	1-0	2710	2670
67	2	3	70	0-1	2670	2728
67	2	52	13	1-0	2710	2813
67	3	70	52	1/2	2728	2710
67	3	13	3	1/2	2813	2670
67	4	3	52	0-1	2670	2710
67	4	13	70	1-0	2813	2728
67	5	52	70	0-1	2710	2728
67	5	3	13	0-1	2670	2813
67	6	70	3	1-0	2728	2670
67	6	13	52	0-1	2813	2710
68	1	10	13	1/2	2751	2700
68	1	14	1	1-0	2715	2690
68	1	18	2	1/2	2710	2780
68	1	71	5	1/2	2812	2713
68	2	18	71	0-1	2714	2812
68	2	2	1	1/2	2781	2694
68	2	5	10	1/2	2713	2751
68	2	13	14	1/2	2700	2716
68	3	10	18	1/2	2751	2714
68	3	71	2	1/2	2812	2781
68	3	1	13	1/2	2694	2700
68	3	14	5	1/2	2716	2713
68	4	71	10	1/2	2812	2751
68	4	18	14	0-1	2714	2716
68	4	2	13	1/2	2781	2700
68	4	5	1	1-0	2713	2694
68	5	1	18	1-0	2694	2714
68	5	13	5	1/2	2700	2713
68	5	10	2	1/2	2751	2781
68	5	14	71	0-1	2716	2812
68	6	18	13	1/2	2714	2700
68	6	10	14	1-0	2751	2716
68	6	71	1	1/2	2812	2694
68	6	2	5	1-0	2781	2713
68	7	14	2	1/2	2716	2781
68	7	5	18	0-1	2713	2714
68	7	13	71	0-1	2700	2812
68	7	1	10	1/2	2694	2751
68	8	2	18	1/2	2780	2710
68	8	5	71	0-1	2713	2812
68	8	13	10	1/2	2700	2751
68	8	1	14	1/2	2694	2716
68	9	14	13	1/2	2716	2700
68	9	71	18	1-0	2812	2714
68	9	1	2	1/2	2694	2781
68	9	10	5	1-0	2751	2713
68	10	5	14	1-0	2713	2716
68	10	18	10	1/2	2714	2751
68	10	2	71	0-1	2781	2812
68	10	13	1	1/2	2700	2694
68	11	14	18	1/2	2716	2714
68	11	13	2	0-1	2700	2781
68	11	1	5	1/2	2694	2713
68	12	18	1	1/2	2714	2694
68	12	71	14	1-0	2812	2716
68	12	5	13	0-1	2713	2700
68	12	2	10	1/2	2781	2751
68	13	5	2	1/2	2713	2781
68	13	1	71	1/2	2694	2812
68	13	13	18	0-1	2700	2714
68	13	14	10	1/2	2716	2751
68	14	18	5	1/2	2714	2713
68	14	71	13	1/2	2812	2700
68	14	2	14	1-0	2781	2716
68	14	10	1	1/2	2751	2694
69	1	25	18	1/2	2717	2729
69	1	27	1	0-1	2650	2740
69	1	5	13	1-0	2765	2801
69	1	58	51	1-0	2752	2700
69	2	18	58	1-0	2729	2752
69	2	27	5	0-1	2650	2765
69	2	13	25	1/2	2801	2717
69	2	1	51	1-0	2740	2700
69	3	5	1	1/2	2765	2740
69	3	25	27	1/2	2717	2650
69	3	51	18	1/2	2700	2729
69	3	58	13	1/2	2752	2801
69	4	5	25	1-0	2765	2717
69	4	13	51	0-1	2801	2700
69	4	1	18	1-0	2740	2729
69	4	27	58	1/2	2650	2752
69	5	58	5	1-0	2752	2765
69	5	18	13	0-1	2729	2801
69	5	25	1	1/2	2717	2740
69	5	51	27	1/2	2700	2650
69	6	51	25	1-0	2700	2717
69	6	58	1	1/2	2752	2740
69	6	13	27	0-1	2801	2650
69	6	18	5	1-0	2729	2765
69	7	1	13	1/2	2740	2801
69	7	27	18	1/2	2650	2729
69	7	5	51	1/2	2765	2700
69	7	25	58	0-1	2717	2752
69	8	51	58	1/2	2700	2752
69	8	13	5	1-0	2801	2765
69	8	18	25	0-1	2729	2717
69	8	1	27	1/2	2740	2650
69	9	58	18	1/2	2752	2729
69	9	5	27	1/2	2765	2650
69	9	51	1	1/2	2700	2740
69	9	25	13	0-1	2717	2801
69	10	13	58	1-0	2801	2752
69	10	27	25	0-1	2650	2717
69	10	1	5	1/2	2740	2765
69	10	18	51	0-1	2729	2700
69	11	25	5	1/2	2717	2765
69	11	18	1	1/2	2729	2740
69	11	51	13	1/2	2700	2801
69	11	58	27	1-0	2752	2650
69	12	5	58	1/2	2765	2752
69	12	13	18	1/2	2801	2729
69	12	27	51	1/2	2650	2700
69	12	1	25	1/2	2740	2717
69	13	13	1	1-0	2801	2740
69	13	51	5	1-0	2700	2765
69	13	18	27	1-0	2729	2650
69	13	58	25	1/2	2752	2717
69	14	1	58	0-1	2740	2752
69	14	5	18	1/2	2765	2729
69	14	27	13	1/2	2650	2801
69	14	25	51	1/2	2717	2700
70	1	13	14	1-0	2757	2741
70	1	1	71	1/2	2749	2804
70	1	117	27	1/2	2678	2686
70	2	71	117	1/2	2804	2678
70	2	2	13	1-0	2786	2757
70	2	14	1	1/2	2741	2749
70	3	1	2	1/2	2749	2786
70	3	117	14	1/2	2678	2741
70	3	27	71	0-1	2686	2804
70	4	14	27	1-0	2741	2686
70	4	2	117	1/2	2786	2678
70	4	13	1	1/2	2757	2749
70	5	27	2	1/2	2686	2786
70	5	71	14	1-0	2804	2741
70	5	117	13	1/2	2678	2757
70	6	1	117	1/2	2749	2678
70	6	2	71	1/2	2786	2804
70	6	13	27	1-0	2757	2686
70	7	14	2	1/2	2741	2786
70	7	27	1	1/2	2686	2749
70	7	71	13	1/2	2804	2757
70	8	27	117	1-0	2686	2678
70	8	71	1	1/2	2804	2749
70	8	14	13	1/2	2741	2757
70	9	1	14	1/2	2749	2741
70	9	117	71	0-1	2678	2804
70	9	13	2	1/2	2757	2786
70	10	14	117	1/2	2741	2678
70	10	2	1	1/2	2786	2749
70	10	71	27	1-0	2804	2686
70	11	27	14	1/2	2686	2741
70	11	1	13	1/2	2749	2757
70	11	117	2	0-1	2678	2786
70	12	13	117	1-0	2757	2678
70	12	2	27	1/2	2786	2686
70	12	14	71	0-1	2741	2804
70	13	117	1	1/2	2678	2749
70	13	71	2	1/2	2804	2786
70	13	27	13	0-1	2686	2757
70	14	1	27	1/2	2749	2686
70	14	13	71	1-0	2757	2804
70	14	2	14	0-1	2786	2741
71	1	10	66	1/2	2751	2710
71	1	30	13	1/2	2585	2700
71	1	52	2	1-0	2677	2781
71	1	14	5	1-0	2716	2713
71	2	30	17	1/2	2585	2691
71	2	2	14	1/2	2781	2716
71	2	13	66	1/2	2700	2710
71	2	5	10	1/2	2713	2751
71	3	66	5	1-0	2710	2713
71	3	17	13	1/2	2691	2700
71	3	52	30	0-1	2677	2585
71	3	10	2	1-0	2751	2781
71	4	2	66	1/2	2780	2710
71	4	30	14	1/2	2585	2716
71	4	13	5	1/2	2700	2713
71	4	17	52	1/2	2691	2677
71	5	14	17	1/2	2716	2691
71	5	10	30	1-0	2751	2585
71	5	52	13	0-1	2677	2700
71	5	5	2	1/2	2713	2781
71	6	52	14	0-1	2677	2716
71	6	13	2	1/2	2700	2781
71	6	17	10	1/2	2691	2751
71	6	30	66	1-0	2585	2710
71	7	14	13	1/2	2716	2700
71	7	10	52	1/2	2751	2677
71	7	66	17	1/2	2710	2691
71	7	5	30	1/2	2713	2585
71	9	66	14	1/2	2710	2716
71	8	52	66	1/2	2677	2710
71	8	17	5	0-1	2691	2713
71	8	14	10	1/2	2716	2751
71	8	30	2	1/2	2585	2781
71	9	10	13	1/2	2751	2700
71	9	2	17	1/2	2781	2691
71	1	17	61	1-0	2690	2670
71	3	14	61	1-0	2716	2673
71	5	66	61	1/2	2710	2673
71	9	5	52	0-1	2713	2677
72	1	52	79	1/2	2645	2665
72	1	6	13	1/2	2690	2725
72	1	10	2	1/2	2740	2765
72	2	2	6	1-0	2765	2690
72	2	66	52	1/2	2760	2645
72	2	79	10	1/2	2665	2740
72	3	30	73	0-1	2635	2690
72	3	6	79	1/2	2690	2665
72	3	13	2	1/2	2725	2765
72	4	66	6	1-0	2760	2690
72	4	17	10	1/2	2700	2740
72	4	79	13	1-0	2665	2725
72	4	30	52	0-1	2635	2645
72	5	52	73	1-0	2645	2690
72	5	10	30	1-0	2740	2635
72	5	2	79	1-0	2765	2665
72	5	13	66	1/2	2725	2760
72	6	66	2	1/2	2760	2765
72	6	73	79	1-0	2690	2665
72	7	79	66	1/2	2665	2760
72	7	10	73	1/2	2740	2690
72	7	6	52	1/2	2690	2645
72	8	73	66	0-1	2690	2760
72	8	17	79	0-1	2700	2665
72	8	52	13	1/2	2645	2725
72	8	10	6	1/2	2740	2690
72	8	30	2	1/2	2635	2765
72	9	79	30	1-0	2665	2635
72	9	6	73	1-0	2690	2690
72	9	13	10	1/2	2725	2740
72	9	2	52	1-0	2765	2645
72	1	30	66	1/2	2635	2760
72	1	17	73	1-0	2700	2690
72	2	17	30	1/2	2700	2635
72	2	73	13	0-1	2690	2725
72	3	10	66	1-0	2740	2760
72	3	52	17	1/2	2645	2700
72	4	73	2	1/2	2690	2765
72	5	6	17	1/2	2690	2700
72	6	17	13	1/2	2700	2725
72	6	52	10	0-1	2645	2740
72	6	30	6	0-1	2635	2690
72	7	13	30	1-0	2725	2635
72	7	2	17	1/2	2765	2700
72	9	66	17	1/2	2760	2700
73	1	2	13	1/2	2781	2700
73	1	1	10	1/2	2694	2751
73	1	14	4	1-0	2716	2670
73	1	66	3	1-0	2710	2624
73	2	4	3	1/2	2670	2624
73	2	10	66	1/2	2751	2710
73	2	13	1	0-1	2700	2694
73	2	14	2	1/2	2716	2781
73	3	2	4	1-0	2781	2670
73	3	66	13	1/2	2710	2700
73	3	3	10	1/2	2624	2751
73	3	1	14	1-0	2694	2716
73	4	13	3	1-0	2690	2656
73	4	4	10	0-1	2650	2760
73	4	14	66	1/2	2708	2700
73	4	2	1	1/2	2771	2701
73	5	3	14	1/2	2656	2708
73	5	10	13	1-0	2760	2690
73	5	66	2	1/2	2700	2771
73	5	1	4	1-0	2701	2650
73	6	4	13	1-0	2650	2690
73	6	2	3	1/2	2771	2656
73	6	14	10	1/2	2708	2760
73	6	1	66	1/2	2701	2700
73	7	10	2	1/2	2760	2771
73	7	66	4	1/2	2700	2650
73	7	13	14	0-1	2690	2708
73	7	3	1	1/2	2656	2701
74	1	92	17	0-1	2618	2696
74	1	180	110	1/2	2645	2632
74	2	123	110	1/2	2685	2632
74	2	17	180	1/2	2696	2645
74	3	92	123	0-1	2618	2685
74	3	110	17	1/2	2632	2696
74	4	110	92	1-0	2632	2618
74	4	180	123	1-0	2645	2685
74	5	92	180	1-0	2618	2645
74	5	123	17	1/2	2685	2696
74	6	17	92	1/2	2696	2618
74	6	110	180	1/2	2632	2645
74	7	110	123	1/2	2632	2685
74	7	180	17	1/2	2645	2696
74	8	123	92	1-0	2685	2618
74	8	17	110	1-0	2696	2632
74	9	180	92	1/2	2645	2618
74	9	17	123	1/2	2696	2685
74	10	123	180	1-0	2685	2645
74	10	92	110	0-1	2618	2632
75	1	101	181	0-1	2600	2635
75	1	3	173	1-0	2620	2585
75	1	59	182	1/2	2455	2525
75	1	57	102	1-0	2585	2455
75	1	183	56	1/2	2590	2660
75	2	56	59	1-0	2660	2455
75	2	182	3	1/2	2525	2620
75	2	181	183	1-0	2635	2590
75	2	102	173	1/2	2455	2585
75	2	57	101	1/2	2585	2600
75	3	173	182	1/2	2585	2525
75	3	101	102	1-0	2600	2455
75	3	3	56	1/2	2620	2660
75	3	59	181	0-1	2455	2635
75	3	183	57	1/2	2590	2585
75	4	101	183	1/2	2600	2590
74	3	180	45	1-0	2645	2661
74	4	17	45	1/2	2696	2661
74	6	123	45	0-1	2685	2661
74	7	92	45	1-0	2618	2661
75	4	181	3	0-1	2635	2620
75	4	57	59	1/2	2585	2455
75	4	102	182	1/2	2455	2525
75	4	56	173	1/2	2660	2585
75	5	182	56	0-1	2525	2660
75	5	59	101	1/2	2455	2600
75	5	173	181	1-0	2585	2635
75	5	3	57	1-0	2620	2585
75	5	183	102	1/2	2590	2455
75	6	183	59	1/2	2590	2455
75	6	181	182	1-0	2635	2525
75	6	101	3	1/2	2600	2620
75	6	102	56	1-0	2455	2660
75	6	57	173	1/2	2585	2585
75	7	173	101	1/2	2585	2600
75	7	59	102	1-0	2455	2455
75	7	56	181	1/2	2660	2635
75	7	182	57	0-1	2525	2585
75	7	3	183	1-0	2620	2590
75	8	183	173	1/2	2590	2585
75	8	102	181	1-0	2455	2635
75	8	57	56	1/2	2585	2660
75	8	101	182	1-0	2600	2525
75	8	59	3	1/2	2455	2620
75	9	173	59	1-0	2585	2455
75	9	56	101	1/2	2660	2600
75	9	181	57	1/2	2635	2585
75	9	3	102	1-0	2620	2455
76	1	1	107	1/2	2745	2575
76	1	14	2	1/2	2746	2790
76	1	11	18	1/2	2700	2717
76	1	55	37	0-1	2632	2745
76	1	6	13	1-0	2718	2718
76	1	32	71	0-1	2597	2849
76	1	4	10	1/2	2629	2772
76	2	18	14	1/2	2717	2746
76	2	10	11	1-0	2772	2700
76	2	107	71	0-1	2575	2849
76	2	1	6	1/2	2745	2718
76	2	13	55	1-0	2718	2632
76	2	37	4	1/2	2745	2629
76	2	2	32	1-0	2790	2597
76	3	55	1	1/2	2632	2745
76	3	32	18	1/2	2597	2717
76	3	71	2	1/2	2849	2790
76	3	11	37	0-1	2700	2745
76	3	14	10	1/2	2746	2772
76	3	6	107	1/2	2718	2575
76	3	4	13	1-0	2629	2718
76	4	37	14	0-1	2745	2746
76	4	6	55	1-0	2718	2632
76	4	1	4	1/2	2745	2629
76	4	13	11	1/2	2718	2700
76	4	107	2	1/2	2575	2790
76	4	18	71	1/2	2717	2849
76	4	10	32	1-0	2772	2597
76	5	4	6	0-1	2629	2718
76	5	71	10	1/2	2849	2772
76	5	32	37	0-1	2597	2745
76	5	2	18	1/2	2790	2717
76	5	11	1	1-0	2700	2745
76	5	55	107	1-0	2632	2575
76	5	14	13	1/2	2746	2718
76	6	1	14	1/2	2745	2746
76	6	37	71	1/2	2745	2849
76	6	55	4	1/2	2632	2629
76	6	107	18	0-1	2575	2717
76	6	10	2	1/2	2772	2790
76	6	6	11	1-0	2718	2700
76	6	13	32	1/2	2718	2597
76	7	4	107	0-1	2629	2575
76	7	11	55	1-0	2700	2632
76	7	14	6	1/2	2746	2718
76	7	2	37	1/2	2790	2745
76	7	18	10	0-1	2717	2772
76	7	32	1	1/2	2597	2745
76	7	71	13	1-0	2849	2718
76	8	37	18	0-1	2745	2717
76	8	107	10	1/2	2575	2772
76	8	13	2	1/2	2718	2790
76	8	4	11	1/2	2629	2700
76	8	55	14	1/2	2632	2746
76	8	1	71	1/2	2745	2849
76	8	6	32	1-0	2718	2597
76	9	18	13	1/2	2717	2718
76	9	71	6	1-0	2849	2718
76	9	32	55	1/2	2597	2632
76	9	14	4	1/2	2746	2629
76	9	2	1	1/2	2790	2745
76	9	10	37	0-1	2772	2745
76	9	11	107	1/2	2700	2575
76	10	11	14	0-1	2700	2746
76	10	107	37	0-1	2575	2745
76	10	1	18	1/2	2745	2717
76	10	13	10	1/2	2718	2772
76	10	4	32	0-1	2629	2597
76	10	55	71	1/2	2632	2849
76	10	6	2	1/2	2718	2790
76	11	18	6	1-0	2717	2718
76	11	37	13	1/2	2745	2718
76	11	71	4	1-0	2849	2629
76	11	2	55	1-0	2790	2632
76	11	14	107	0-1	2746	2575
76	11	32	11	1/2	2597	2700
76	11	10	1	1/2	2772	2745
76	12	4	2	0-1	2629	2790
76	12	107	13	1/2	2575	2718
76	12	1	37	1-0	2745	2745
76	12	14	32	1-0	2746	2597
76	12	55	18	1/2	2632	2717
76	12	11	71	1/2	2700	2849
76	12	6	10	0-1	2718	2772
76	13	37	6	1/2	2745	2718
76	13	32	107	1-0	2597	2575
76	13	18	4	1-0	2717	2629
76	13	10	55	1/2	2772	2632
76	13	2	11	1-0	2790	2700
76	13	71	14	1/2	2849	2746
76	13	13	1	1/2	2718	2745
77	1	51	1	0-1	2656	2722
77	1	27	10	1/2	2663	2777
77	1	6	71	1/2	2736	2831
77	2	10	6	1/2	2777	2736
77	2	13	27	1/2	2735	2663
77	2	71	51	1/2	2831	2656
77	3	51	10	1/2	2656	2777
77	3	6	13	1/2	2736	2735
77	3	1	71	1/2	2722	2831
77	4	10	1	1/2	2777	2722
77	4	27	6	1/2	2663	2736
77	4	13	51	1/2	2735	2656
77	5	51	27	1/2	2656	2663
77	5	71	10	1/2	2831	2777
77	5	1	13	1/2	2722	2735
77	6	6	51	1-0	2736	2656
77	6	13	71	1/2	2735	2831
77	6	27	1	1/2	2663	2722
77	7	10	13	1-0	2777	2735
77	7	1	6	1-0	2722	2736
77	7	71	27	1-0	2831	2663
77	8	71	6	1/2	2831	2736
77	8	1	51	1/2	2722	2656
77	8	10	27	1/2	2777	2663
77	9	6	10	1/2	2736	2777
77	9	27	13	1/2	2663	2735
77	9	51	71	1/2	2656	2831
77	10	13	6	1-0	2735	2736
77	10	10	51	1/2	2777	2656
77	10	71	1	1/2	2831	2722
77	11	1	10	0-1	2722	2777
77	11	6	27	1/2	2736	2663
77	11	51	13	1/2	2656	2735
77	12	27	51	0-1	2663	2656
77	12	13	1	1/2	2735	2722
77	12	10	71	1/2	2777	2831
77	13	71	13	1/2	2831	2735
77	13	1	27	1/2	2722	2663
77	13	51	6	1-0	2656	2736
77	14	27	71	1/2	2663	2831
77	14	6	1	1/2	2736	2722
77	14	13	10	1/2	2735	2777
78	1	3	58	1/2	2695	2649
78	1	52	66	1-0	2722	2693
78	2	58	52	1/2	2649	2722
78	2	3	66	1/2	2695	2693
78	3	66	58	1/2	2693	2649
78	3	52	3	1-0	2722	2695
78	4	66	52	1/2	2693	2722
78	4	58	3	1/2	2649	2695
78	5	58	66	1-0	2649	2693
78	5	3	52	1-0	2695	2722
78	6	52	58	1-0	2722	2649
78	6	66	3	1/2	2693	2695
79	1	8	38	0-1	2639	2655
79	1	184	53	0-1	2700	2719
79	1	41	43	1/2	2654	2652
79	1	7	185	0-1	2679	2679
79	1	3	16	1/2	2706	2676
79	2	185	41	0-1	2679	2654
79	2	16	7	1/2	2676	2679
79	2	38	43	1/2	2655	2652
79	2	8	184	1-0	2639	2700
79	2	53	3	1-0	2719	2706
79	3	43	185	1-0	2652	2679
79	3	184	38	0-1	2700	2655
79	3	41	16	1/2	2654	2676
79	3	7	53	1-0	2679	2719
79	3	3	8	1-0	2706	2639
79	4	8	7	0-1	2639	2679
79	4	184	3	1/2	2700	2706
79	4	16	43	1/2	2676	2652
79	4	38	185	1/2	2655	2679
79	4	53	41	1-0	2719	2654
79	9	185	3	0-1	2679	2706
79	5	185	16	1/2	2679	2676
79	5	3	38	1/2	2706	2655
79	5	43	53	1/2	2652	2719
79	5	7	184	1/2	2679	2700
79	5	41	8	1/2	2654	2639
79	6	53	185	1/2	2719	2679
79	6	38	16	1-0	2655	2676
79	6	8	43	1/2	2639	2652
79	6	3	7	1/2	2706	2679
79	6	184	41	0-1	2700	2654
79	7	43	184	1-0	2652	2700
79	7	7	38	1/2	2679	2655
79	7	16	53	1/2	2676	2719
79	7	41	3	1/2	2654	2706
79	7	185	8	1/2	2679	2639
79	8	3	43	1-0	2706	2652
79	8	38	53	1/2	2655	2719
79	8	184	185	1/2	2700	2679
79	8	7	41	1/2	2679	2654
79	8	8	16	1-0	2639	2676
79	9	16	184	1-0	2676	2700
79	9	41	38	1/2	2654	2655
79	9	53	8	1-0	2719	2639
79	9	43	7	0-1	2652	2679
80	1	7	33	1-0	2666	2661
80	1	186	18	1/2	2660	2731
80	1	123	57	1-0	2660	2738
80	1	6	53	1/2	2699	2719
80	1	46	110	1/2	2695	2680
80	1	38	70	0-1	2687	2699
80	2	53	186	1/2	2719	2660
80	2	33	38	1/2	2661	2687
80	2	46	123	1/2	2695	2660
80	2	70	6	1/2	2699	2699
80	2	110	18	1/2	2680	2731
80	2	57	7	1/2	2738	2666
80	3	6	33	1-0	2699	2661
80	3	18	53	1/2	2731	2719
80	3	123	110	1/2	2660	2680
80	3	38	57	1-0	2687	2738
80	3	7	46	1-0	2666	2695
80	3	186	70	0-1	2660	2699
80	4	57	6	1/2	2738	2699
80	4	110	53	0-1	2680	2719
80	4	70	18	0-1	2699	2731
80	4	33	186	1/2	2661	2660
80	4	123	7	1/2	2660	2666
80	4	46	38	0-1	2695	2687
80	5	53	70	1/2	2719	2699
80	5	7	110	1-0	2666	2680
80	5	38	123	1-0	2687	2660
80	5	186	57	1/2	2660	2738
80	5	6	46	1/2	2699	2695
80	5	18	33	1/2	2731	2661
80	6	33	53	1/2	2661	2719
80	6	123	6	1-0	2660	2699
80	6	7	38	0-1	2666	2687
80	6	57	18	1/2	2738	2731
80	6	110	70	1-0	2680	2699
80	6	46	186	1-0	2695	2660
80	7	53	57	1/2	2719	2738
80	7	38	110	1-0	2687	2680
80	7	186	123	1-0	2660	2660
80	7	6	7	1/2	2699	2666
80	7	18	46	1-0	2731	2695
80	7	70	33	1/2	2699	2661
80	8	123	18	0-1	2660	2731
80	8	110	33	1/2	2680	2661
80	8	46	53	1-0	2695	2719
80	8	7	186	1/2	2666	2660
80	8	38	6	1/2	2687	2699
80	8	57	70	0-1	2738	2699
80	9	6	110	1-0	2699	2680
80	9	70	46	1/2	2699	2695
80	9	33	57	0-1	2661	2738
80	9	18	7	1/2	2731	2666
80	9	53	123	1-0	2719	2660
80	9	186	38	1/2	2660	2687
80	10	6	186	1/2	2699	2660
80	10	110	57	1/2	2680	2738
80	10	123	70	1/2	2660	2699
80	10	38	18	1/2	2687	2731
80	10	46	33	1/2	2695	2661
80	10	7	53	1/2	2666	2719
80	11	70	7	1/2	2699	2666
80	11	57	46	1/2	2738	2695
80	11	53	38	1/2	2719	2687
80	11	186	110	1/2	2660	2680
80	11	18	6	1/2	2731	2699
80	11	33	123	1-0	2661	2660
81	1	37	122	1-0	2749	2585
81	1	6	71	0-1	2722	2827
81	1	10	17	1-0	2797	2712
81	2	71	17	1/2	2827	2712
81	2	6	37	1-0	2722	2749
81	2	122	10	0-1	2585	2797
81	3	37	71	0-1	2749	2827
81	3	10	6	1/2	2797	2722
81	3	17	122	1-0	2712	2585
81	4	10	71	1/2	2797	2827
81	4	17	37	1-0	2712	2749
81	4	122	6	1/2	2585	2722
81	5	71	122	1/2	2827	2585
81	5	6	17	1/2	2722	2712
81	5	37	10	0-1	2749	2797
81	6	71	6	1-0	2827	2722
81	6	17	10	1/2	2712	2797
81	6	122	37	0-1	2585	2749
81	7	37	6	1-0	2749	2722
81	7	17	71	1/2	2712	2827
81	7	10	122	1-0	2797	2585
81	8	71	37	1/2	2827	2749
81	8	122	17	1/2	2585	2712
81	8	6	10	1/2	2722	2797
81	9	122	71	1/2	2585	2827
81	9	10	37	1/2	2797	2749
81	9	17	6	1/2	2712	2722
81	10	6	122	1-0	2722	2585
81	10	37	17	1/2	2749	2712
81	10	71	10	1-0	2827	2797
82	1	37	127	1-0	2748	2694
82	1	6	14	1/2	2751	2715
82	1	19	89	1-0	2677	2668
82	1	71	25	1-0	2851	2594
82	1	73	13	0-1	2683	2702
82	1	3	12	1/2	2637	2709
82	2	25	19	1/2	2594	2677
82	2	13	37	1/2	2702	2748
82	2	12	89	1/2	2709	2668
82	2	3	73	1/2	2637	2683
82	2	127	6	0-1	2694	2751
82	2	14	71	1/2	2715	2851
82	3	73	12	0-1	2683	2709
82	3	37	3	1-0	2748	2637
82	3	6	13	1-0	2751	2702
82	3	71	127	1-0	2851	2694
82	3	89	25	0-1	2668	2594
82	3	19	14	1/2	2677	2715
82	4	14	89	1/2	2715	2668
82	4	3	6	1/2	2637	2751
82	4	13	71	1/2	2702	2851
82	4	73	37	1/2	2683	2748
82	4	12	25	1-0	2709	2594
82	4	127	19	1/2	2694	2677
82	5	71	3	1-0	2851	2637
82	5	19	13	1/2	2677	2702
82	5	89	127	0-1	2668	2694
82	5	37	12	1/2	2748	2709
82	5	6	73	1-0	2751	2683
82	5	25	14	0-1	2594	2715
82	6	13	89	1/2	2702	2668
82	6	127	25	1-0	2694	2594
82	6	73	71	1/2	2683	2851
82	6	12	14	1/2	2709	2715
82	6	37	6	1/2	2748	2751
82	6	3	19	1/2	2637	2677
82	7	19	73	1/2	2677	2683
82	7	6	12	1-0	2751	2709
82	7	14	127	1-0	2715	2694
82	7	89	3	0-1	2668	2637
82	7	71	37	1/2	2851	2748
82	7	25	13	0-1	2594	2702
82	8	12	127	1/2	2709	2694
82	8	3	25	1/2	2637	2594
82	8	13	14	0-1	2702	2715
82	8	6	71	1/2	2751	2851
82	8	73	89	1/2	2683	2668
82	8	37	19	1-0	2748	2677
82	9	25	73	1/2	2594	2683
82	9	127	13	0-1	2694	2702
82	9	14	3	1-0	2715	2637
82	9	19	6	0-1	2677	2751
82	9	89	37	1-0	2668	2748
82	9	71	12	1-0	2851	2709
82	10	12	13	1/2	2709	2702
82	10	3	127	1/2	2637	2694
82	10	73	14	1/2	2683	2715
82	10	6	89	0-1	2751	2668
82	10	71	19	1-0	2851	2677
82	10	37	25	1/2	2748	2594
82	11	13	3	1/2	2702	2637
82	11	127	73	1/2	2694	2683
82	11	19	12	0-1	2677	2709
82	11	89	71	0-1	2668	2851
82	11	25	6	0-1	2594	2751
82	11	14	37	1-0	2715	2748
83	1	3	187	1/2	2659	2691
83	1	30	26	1-0	2562	2685
83	1	127	87	1/2	2688	2640
83	1	112	27	1/2	2670	2559
83	1	65	51	0-1	2655	2533
83	2	87	51	1/2	2640	2533
83	2	187	65	1-0	2691	2655
83	2	27	3	1-0	2559	2659
83	2	26	112	1/2	2685	2670
83	2	127	30	1-0	2688	2562
83	3	3	26	0-1	2659	2685
83	3	112	127	1/2	2670	2688
83	3	65	27	1/2	2655	2559
83	3	30	87	1/2	2562	2640
83	3	51	187	0-1	2533	2691
83	4	30	112	1-0	2562	2670
83	4	27	51	1/2	2559	2533
83	4	26	65	1-0	2685	2655
83	4	127	3	0-1	2688	2659
83	4	87	187	1/2	2640	2691
83	5	3	30	1/2	2659	2562
83	5	187	27	1/2	2691	2559
83	5	112	87	1/2	2670	2640
83	5	51	26	1/2	2533	2685
83	5	65	127	1/2	2655	2688
83	6	112	3	1-0	2670	2659
83	6	30	65	1-0	2562	2655
83	6	26	187	1-0	2685	2691
83	6	127	51	1-0	2688	2533
83	6	87	27	1-0	2640	2559
83	7	187	127	1-0	2691	2688
83	7	65	112	0-1	2655	2670
83	7	51	30	1/2	2533	2562
83	7	27	26	1/2	2559	2685
83	7	3	87	1/2	2659	2640
83	8	112	51	1/2	2670	2533
83	8	30	187	1/2	2562	2691
83	8	127	27	1/2	2688	2559
83	8	87	26	1/2	2640	2685
83	8	3	65	1-0	2659	2655
83	9	187	112	1/2	2691	2670
83	9	27	30	1-0	2559	2562
83	9	51	3	1/2	2533	2659
83	9	26	127	1/2	2685	2688
83	9	65	87	1/2	2655	2640
84	1	33	10	1/2	2678	2766
84	1	57	2	1/2	2723	2779
84	1	6	5	1/2	2715	2728
84	1	13	39	1/2	2783	2647
84	1	11	51	0-1	2683	2729
84	1	32	49	1/2	2667	2690
84	1	188	58	1/2	2719	2744
84	2	51	33	1/2	2729	2678
84	2	49	188	0-1	2690	2719
84	2	39	2	0-1	2647	2779
84	2	10	6	1-0	2766	2715
84	2	13	11	1-0	2783	2683
84	2	5	32	1-0	2728	2667
84	2	58	57	1-0	2744	2723
84	3	2	58	1/2	2779	2744
84	3	33	13	1/2	2678	2783
84	3	6	51	0-1	2715	2729
84	3	32	10	1/2	2667	2766
84	3	188	5	1/2	2719	2728
84	3	57	49	1-0	2723	2690
84	3	11	39	1/2	2683	2647
84	4	39	58	1/2	2647	2744
84	4	11	33	1/2	2683	2678
84	4	13	6	1-0	2783	2715
84	4	51	32	1-0	2729	2667
84	4	10	188	1/2	2766	2719
84	4	5	57	1/2	2728	2723
84	4	49	2	1/2	2690	2779
84	5	33	39	1/2	2678	2647
84	5	2	5	1-0	2779	2728
84	5	57	10	1/2	2723	2766
84	5	188	51	0-1	2719	2729
84	5	32	13	1/2	2667	2783
84	5	58	49	1/2	2744	2690
84	5	6	11	0-1	2715	2683
84	6	39	49	1/2	2647	2690
84	6	51	57	1/2	2729	2723
84	6	10	2	1-0	2766	2779
84	6	13	188	1/2	2783	2719
84	6	5	58	1/2	2728	2744
84	6	11	32	1/2	2683	2667
84	6	33	6	1-0	2678	2715
84	7	32	33	1/2	2667	2678
84	7	57	13	0-1	2723	2783
84	7	49	5	0-1	2690	2728
84	7	2	51	1/2	2779	2729
84	7	58	10	1/2	2744	2766
84	7	188	11	1-0	2719	2683
84	7	6	39	1/2	2715	2647
84	8	33	188	1-0	2678	2719
84	8	39	5	0-1	2647	2728
84	8	10	49	1/2	2766	2690
84	8	13	2	1-0	2783	2779
84	8	51	58	0-1	2729	2744
84	8	6	32	1/2	2715	2667
84	8	11	57	1/2	2683	2723
84	9	188	6	0-1	2719	2715
84	9	32	39	1/2	2667	2647
84	9	57	33	1-0	2723	2678
84	9	58	13	1/2	2744	2783
84	9	49	51	1/2	2690	2729
84	9	2	11	1-0	2779	2683
84	9	5	10	1/2	2728	2766
84	10	6	57	1/2	2715	2723
84	10	32	188	1/2	2667	2719
84	10	33	2	0-1	2678	2779
84	10	13	49	1-0	2783	2690
84	10	51	5	1/2	2729	2728
84	10	11	58	1/2	2683	2744
84	10	39	10	1/2	2647	2766
84	11	188	39	1/2	2719	2647
84	11	57	32	1/2	2723	2667
84	11	10	51	1/2	2766	2729
84	11	2	6	1/2	2779	2715
84	11	58	33	1-0	2744	2678
84	11	49	11	1/2	2690	2683
84	11	5	13	1-0	2728	2783
84	12	6	58	1/2	2715	2744
84	12	33	49	1/2	2678	2690
84	12	39	51	0-1	2647	2729
84	12	32	2	1/2	2667	2779
84	12	188	57	1-0	2719	2723
84	12	13	10	1/2	2783	2766
84	12	11	5	1-0	2683	2728
84	13	57	39	1/2	2723	2647
84	13	2	188	1/2	2779	2719
84	13	51	13	1/2	2729	2783
84	13	58	32	1-0	2744	2667
84	13	49	6	1/2	2690	2715
84	13	5	33	0-1	2728	2678
84	13	10	11	1-0	2766	2683
8	2	61	14	0-1	2625	2715
8	5	61	41	1/2	2625	2650
8	7	61	5	1/2	2625	2710
8	9	61	10	0-1	2625	2780
8	11	61	13	1/2	2625	2700
21	3	61	43	1-0	2635	2580
21	5	61	73	1-0	2635	2690
21	10	61	4	1/2	2635	2630
21	1	61	82	0-1	2635	2655
21	7	61	16	1/2	2635	2630
21	8	61	55	1/2	2635	2640
21	12	61	81	1/2	2635	2630
71	2	61	52	1-0	2673	2677
71	4	61	10	1/2	2673	2751
71	6	61	5	1/2	2673	2713
71	9	61	30	1/2	2673	2585
8	8	2	61	1-0	2795	2625
8	10	55	61	1/2	2605	2625
21	11	78	61	1/2	2620	2635
21	13	79	61	1/2	2665	2635
71	7	2	61	1/2	2781	2673
71	8	13	61	1/2	2700	2673
36	2	45	111	1/2	2658	2611
36	4	45	112	1/2	2658	2671
36	6	45	26	1/2	2658	2705
36	8	45	108	1/2	2658	2593
44	2	45	43	1/2	2661	2652
44	4	45	7	0-1	2661	2683
44	6	45	122	1-0	2661	2635
44	8	45	53	1/2	2661	2710
74	1	45	123	1-0	2661	2685
74	2	45	92	1/2	2661	2618
74	5	45	110	1/2	2661	2632
74	8	45	180	1-0	2661	2645
74	10	45	17	1/2	2661	2696
36	3	33	45	1-0	2635	2658
36	9	110	45	1/2	2646	2658
44	7	5	45	1/2	2735	2661
44	9	38	45	1/2	2650	2661
74	9	110	45	1-0	2632	2661
\.


--
-- Data for Name: tournois; Type: TABLE DATA; Schema: public; Owner: postgres
--

COPY tournois (id, nom, "année") FROM stdin;
1	WijkaanZee	2004
2	Belgrade	1997
3	Dortmund	2005
4	DosHermanas	2003
5	Moscow	2005
6	Foros	2007
7	Biel	2007
8	Tilburg	1998
9	Sofia	2005
10	Linares	2007
11	Enghien	2003
12	Dortmund	2006
13	WijkaanZee	2003
14	Poikovsky	2007
15	Moscow	2006
16	Linares	2003
17	Dortmund	1997
18	Poikovsky	2006
19	Moscow	2007
20	Lviv	2000
21	WijkaanZee	1997
22	Dortmund	2000
23	TerApel	1997
24	Linares	2002
25	Tilburg	1997
26	Dortmund	2007
27	Budapest	2003
28	Stepanakert	2005
29	Sofia	2006
30	Sarajevo	1999
31	Dortmund	2003
32	Linares	2000
33	Madrid	1998
34	Hastings	2000
35	Polanica	2000
36	DosHermanas	2005
37	Cannes	2002
38	Montecatini	2000
39	WijkaanZee	2000
40	Merida	2001
41	WijkaanZee	1999
42	WijkaanZee	1998
43	Merida	2000
44	Poikovsky	2005
45	Biel	2006
46	Pamplona	2006
47	Linares	1997
48	Novgorod	1997
49	Madrid	1997
50	WijkaanZee	2002
51	Linares	1998
52	WijkaanZee	2005
53	WijkaanZee	2006
54	Dortmund	1998
55	Polanica	1998
56	Hastings	2004
57	Linares	2001
58	Biel	2004
59	Dortmund	2001
60	Hastings	2001
61	Sofia	2007
62	Biel	1997
63	Hastings	2003
64	Hastings	2002
65	Hastings	1999
66	Hastings	1997
67	Hoogeveen	2006
68	Linares	1999
69	Linares	2006
70	Linares	2005
71	DosHermanas	1999
72	DosHermanas	1997
73	Dortmund	1999
74	Bermuda	2005
75	Hastings	1998
76	WijkaanZee	2001
77	Linares	2004
78	Hoogeveen	2003
79	Poikovsky	2004
80	Foros	2006
81	Astana	2001
82	Sarajevo	2000
83	DosHermanas	2001
84	WijkaanZee	2007
\.


--
-- Name: tournois_id_seq; Type: SEQUENCE SET; Schema: public; Owner: postgres
--

SELECT pg_catalog.setval('tournois_id_seq', 1, false);


--
-- Name: joueurs_nom_prénom_key; Type: CONSTRAINT; Schema: public; Owner: postgres; Tablespace: 
--

ALTER TABLE ONLY joueurs
    ADD CONSTRAINT "joueurs_nom_prénom_key" UNIQUE (nom, "prénom");


--
-- Name: joueurs_pkey; Type: CONSTRAINT; Schema: public; Owner: postgres; Tablespace: 
--

ALTER TABLE ONLY joueurs
    ADD CONSTRAINT joueurs_pkey PRIMARY KEY (id);


--
-- Name: parties_pkey; Type: CONSTRAINT; Schema: public; Owner: postgres; Tablespace: 
--

ALTER TABLE ONLY parties
    ADD CONSTRAINT parties_pkey PRIMARY KEY (id_tournoi, ronde, blancs, noirs);


--
-- Name: tournois_pkey; Type: CONSTRAINT; Schema: public; Owner: postgres; Tablespace: 
--

ALTER TABLE ONLY tournois
    ADD CONSTRAINT tournois_pkey PRIMARY KEY (id);


--
-- Name: tournois_ville_année_key; Type: CONSTRAINT; Schema: public; Owner: postgres; Tablespace: 
--

ALTER TABLE ONLY tournois
    ADD CONSTRAINT "tournois_ville_année_key" UNIQUE (nom, "année");


--
-- Name: parties_blancs_fkey; Type: FK CONSTRAINT; Schema: public; Owner: postgres
--

ALTER TABLE ONLY parties
    ADD CONSTRAINT parties_blancs_fkey FOREIGN KEY (blancs) REFERENCES joueurs(id);


--
-- Name: parties_id_tournoi_fkey; Type: FK CONSTRAINT; Schema: public; Owner: postgres
--

ALTER TABLE ONLY parties
    ADD CONSTRAINT parties_id_tournoi_fkey FOREIGN KEY (id_tournoi) REFERENCES tournois(id);


--
-- Name: parties_noirs_fkey; Type: FK CONSTRAINT; Schema: public; Owner: postgres
--

ALTER TABLE ONLY parties
    ADD CONSTRAINT parties_noirs_fkey FOREIGN KEY (noirs) REFERENCES joueurs(id);


--
-- Name: public; Type: ACL; Schema: -; Owner: postgres
--

REVOKE ALL ON SCHEMA public FROM PUBLIC;
REVOKE ALL ON SCHEMA public FROM postgres;
GRANT ALL ON SCHEMA public TO postgres;
GRANT USAGE ON SCHEMA public TO PUBLIC;


--
-- Name: joueurs; Type: ACL; Schema: public; Owner: postgres
--

REVOKE ALL ON TABLE joueurs FROM PUBLIC;
REVOKE ALL ON TABLE joueurs FROM postgres;
GRANT ALL ON TABLE joueurs TO postgres;
GRANT SELECT ON TABLE joueurs TO PUBLIC;


--
-- Name: joueurs_id_seq; Type: ACL; Schema: public; Owner: postgres
--

REVOKE ALL ON SEQUENCE joueurs_id_seq FROM PUBLIC;
REVOKE ALL ON SEQUENCE joueurs_id_seq FROM postgres;
GRANT ALL ON SEQUENCE joueurs_id_seq TO postgres;
GRANT SELECT ON SEQUENCE joueurs_id_seq TO PUBLIC;


--
-- Name: parties; Type: ACL; Schema: public; Owner: postgres
--

REVOKE ALL ON TABLE parties FROM PUBLIC;
REVOKE ALL ON TABLE parties FROM postgres;
GRANT ALL ON TABLE parties TO postgres;
GRANT SELECT ON TABLE parties TO PUBLIC;


--
-- Name: tournois; Type: ACL; Schema: public; Owner: postgres
--

REVOKE ALL ON TABLE tournois FROM PUBLIC;
REVOKE ALL ON TABLE tournois FROM postgres;
GRANT ALL ON TABLE tournois TO postgres;
GRANT SELECT ON TABLE tournois TO PUBLIC;


--
-- Name: tournois_id_seq; Type: ACL; Schema: public; Owner: postgres
--

REVOKE ALL ON SEQUENCE tournois_id_seq FROM PUBLIC;
REVOKE ALL ON SEQUENCE tournois_id_seq FROM postgres;
GRANT ALL ON SEQUENCE tournois_id_seq TO postgres;
GRANT SELECT ON SEQUENCE tournois_id_seq TO PUBLIC;


--
--

